{"id":270,"date":"2022-02-07T18:26:29","date_gmt":"2022-02-07T17:26:29","guid":{"rendered":"http:\/\/www.solidarnosc.org.pl\/ksn\/?page_id=270"},"modified":"2025-10-27T11:02:20","modified_gmt":"2025-10-27T10:02:20","slug":"opinie-ksn-nszz-solidarnosc","status":"publish","type":"page","link":"https:\/\/www.solidarnosc.org.pl\/ksn\/opinie-ksn-nszz-solidarnosc\/","title":{"rendered":"Opinie KSN NSZZ &#8222;Solidarno\u015b\u0107&#8221;"},"content":{"rendered":"<p><strong>Opinie Krajowej Sekcji Nauki NSZZ \u201eSolidarno\u015b\u0107&#8221;:<\/strong><\/p>\n<ul>\n<li><a href=\"http:\/\/www.solidarnosc.org.pl\/ksn\/wp-content\/uploads\/2025\/10\/KSN.04.2025-Opinia-projektu-budzetu-2026-sig-z-zal.pdf\">Opinia Krajowej Sekcji Nauki NSZZ \u201eSolidarno\u015b\u0107\u201d w sprawie projektu Ustawy bud\u017cetowej na rok 2026 z dnia 28 sierpnia 2025 r.<\/a><\/li>\n<\/ul>\n<p><strong>Kadencja Rady KSN 2023-2028 <\/strong>\u2191<\/p>\n<hr \/>\n<ul>\n<li><a href=\"http:\/\/www.solidarnosc.org.pl\/ksn\/wp-content\/uploads\/2023\/01\/KSN.03.2021-Opinia-noweliz.-PoSzWiN-pakiet-wolnosciowy-sig.pdf\">Opinia Krajowej Sekcji Nauki NSZZ \u201eSolidarno\u015b\u0107\u201d w sprawie projektu ustawy o zmianie ustawy &#8211; Prawo o szkolnictwie wy\u017cszym i nauce z dnia 6 maja 2021 r. Warszawa, 20 maja 2021 r.<\/a><\/li>\n<li><a href=\"http:\/\/www.solidarnosc.org.pl\/ksn\/wp-content\/uploads\/2023\/01\/KSN.14.2020-Opinia-rozp.-w-spr.-podzialu-srodkow.pdf\">Opinia Krajowej Sekcji Nauki NSZZ \u201eSolidarno\u015b\u0107\u201d projektu rozporz\u0105dzenia Ministra Nauki i Szkolnictwa Wy\u017cszego zmieniaj\u0105cego rozporz\u0105dzenie w sprawie sposobu podzia\u0142u \u015brodk\u00f3w finansowych na utrzymanie i rozw\u00f3j potencja\u0142u dydaktycznego oraz potencja\u0142u badawczego znajduj\u0105cych si\u0119 w dyspozycji ministra w\u0142a\u015bciwego do spraw szkolnictwa wy\u017cszego i nauki oraz na zadania zwi\u0105zane z utrzymaniem powietrznych statk\u00f3w szkolnych i specjalistycznych o\u015brodk\u00f3w szkoleniowych kadr powietrznych z 24 lipca 2020 roku. Warszawa, 21 sierpnia 2020 r.<\/a><\/li>\n<li><a href=\"http:\/\/www.solidarnosc.org.pl\/ksn\/wp-content\/uploads\/2023\/01\/KSN.07.2020-Dot.-DLP.ZLN_.0210.6.2020.DL-Opinia-zm.-ewaluacji-z-zal..pdf\">Opinia Krajowej Sekcji Nauki NSZZ \u201eSolidarno\u015b\u0107\u201d projektu rozporz\u0105dzenia Ministra Nauki i Szkolnictwa Wy\u017cszego zmieniaj\u0105cego rozporz\u0105dzenie w sprawie ewaluacji jako\u015bci dzia\u0142alno\u015bci naukowej z 29 kwietnia 2020 roku. Warszawa, 15 maja 2020 r.<\/a><\/li>\n<li><a href=\"http:\/\/www.solidarnosc.org.pl\/ksn\/wp-content\/uploads\/2023\/01\/KSN.04.2020-Dot.-DLP.ZLS_.0210.13.2020.EK_.pdf\">Opinia Krajowej Sekcji Nauki NSZZ \u201eSolidarno\u015b\u0107\u201d projektu rozporz\u0105dzenia Ministra Nauki i Szkolnictwa Wy\u017cszego w sprawie w\u0142\u0105czenia Pa\u0144stwowej Medycznej Wy\u017cszej Szko\u0142y Zawodowej w Opolu do Uniwersytetu Opolskiego. Warszawa, 14 kwietnia 2020 r.<\/a><\/li>\n<li><a href=\"http:\/\/www.solidarnosc.org.pl\/ksn\/wp-content\/uploads\/2023\/01\/KSN.02.2020-opinia-Komisja-ds.-wolnosci.pdf\">Opinia Krajowej Sekcji Nauki NSZZ \u201eSolidarno\u015b\u0107\u201d w sprawie projektu ustawy o zmianie ustawy &#8211; Prawo o szkolnictwie wy\u017cszym i nauce z dnia 28 stycznia 2020 r. Warszawa 28 lutego 2020 r.<\/a><\/li>\n<li><a href=\"http:\/\/www.solidarnosc.org.pl\/ksn\/wp-content\/uploads\/2023\/01\/KSN.12.2019-opinia-ws.-SRKL-do-2020.pdf\">Opinia Krajowej Sekcji Nauki NSZZ \u201eSolidarno\u015b\u0107\u201d w sprawie projektu Strategii Rozwoju Kapita\u0142u Ludzkiego do roku 2020 (z perspektyw\u0105 do 2030 r.). Warszawa, 27 sierpnia 2019 r.<\/a><\/li>\n<li><a href=\"http:\/\/www.solidarnosc.org.pl\/ksn\/wp-content\/uploads\/2023\/01\/KSN.10.2019-Dot.DLP_.ZLN_.0210.16.2019.AL_.pdf\">Opinia Krajowej Sekcji Nauki NSZZ \u201eSolidarno\u015b\u0107\u201d projektu rozporz\u0105dzenia Ministra Nauki i Szkolnictwa Wy\u017cszego w sprawie dotacji celowych przyznawanych instytutom dzia\u0142aj\u0105cym w ramach Sieci Badawczej \u0141ukasiewicz, z dnia 24 lipca 2019 r.<\/a><\/li>\n<li><a href=\"http:\/\/www.solidarnosc.org.pl\/ksn\/wp-content\/uploads\/2023\/01\/KSN.09.2019-Dot.DLP_.ZLS_.2010.8.2019.ASz-opinia.pdf\">Opinia projektu rozporz\u0105dzenia Ministra Nauki i Szkolnictwa Wy\u017cszego w sprawie sposobu podzia\u0142u \u015brodk\u00f3w finansowych na utrzymanie i rozw\u00f3j potencja\u0142u dydaktycznego oraz potencja\u0142u badawczego znajduj\u0105cych si\u0119 w dyspozycji ministra w\u0142a\u015bciwego do spraw szkolnictwa wy\u017cszego i nauki oraz na zadania zwi\u0105zane z utrzymaniem powietrznych statk\u00f3w szkolnych i specjalistycznych o\u015brodk\u00f3w szkoleniowych kadr powietrznych z dnia 17 lipca 2019 r.<\/a><\/li>\n<li><a href=\"http:\/\/www.solidarnosc.org.pl\/ksn\/wp-content\/uploads\/2023\/01\/KSN.07.2019.pdf\">Opinia Krajowej Sekcji Nauki NSZZ \u201eSolidarno\u015b\u0107\u201d w sprawie projektu Wieloletniego Planu Finansowego Pa\u0144stwa na lata 2019-2022. Warszawa, 20 maja 2019 r.<\/a><\/li>\n<li><a href=\"http:\/\/www.solidarnosc.org.pl\/ksn\/wp-content\/uploads\/2023\/01\/KSN.06.2019.pdf\">Uwagi Krajowej Sekcji Nauki NSZZ \u201eSolidarno\u015b\u0107\u201d do projektu rozporz\u0105dzenia Ministra Nauki i Szkolnictwa Wy\u017cszego w sprawie w\u0142\u0105czenia Pa\u0144stwowej Medycznej Wy\u017cszej Szko\u0142y Zawodowej w Opolu do Uniwersytetu Opolskiego z dnia 29 kwietnia 2019 r.<\/a><\/li>\n<li><a href=\"http:\/\/www.solidarnosc.org.pl\/ksn\/wp-content\/uploads\/2023\/01\/Opinia-KSN_Algorytm.pdf\">Opinia Krajowej Sekcji Nauki NSZZ \u201eSolidarno\u015b\u0107\u201d projektu rozporz\u0105dzenia Ministra Nauki i Szkolnictwa Wy\u017cszego w sprawie sposobu podzia\u0142u \u015brodk\u00f3w finansowych na utrzymanie i rozw\u00f3j potencja\u0142u dydaktycznego oraz potencja\u0142u badawczego znajduj\u0105cych si\u0119 w dyspozycji ministra w\u0142a\u015bciwego do spraw szkolnictwa wy\u017cszego i nauki oraz na zadania zwi\u0105zane z utrzymaniem powietrznych statk\u00f3w szkolnych i specjalistycznych o\u015brodk\u00f3w szkoleniowych kadr powietrznych z dnia 14 wrze\u015bnia 2018 r.<\/a><\/li>\n<li><a href=\"http:\/\/www.solidarnosc.org.pl\/ksn\/wp-content\/uploads\/2023\/01\/Opinia_KSN_czasopisma_29.08.2018.pdf\">Opinia Krajowej Sekcji Nauki NSZZ \u201eSolidarno\u015b\u0107\u201d uzgodniona z Sekcj\u0105 Krajow\u0105 Pracownik\u00f3w Szk\u00f3\u0142 Artystycznych NSZZ \u201eSolidarno\u015b\u0107\u201d nt. projektu rozporz\u0105dzenia Ministra Nauki i Szkolnictwa Wy\u017cszego w sprawie sporz\u0105dzania wykaz\u00f3w wydawnictw monografii naukowych oraz czasopism naukowych i recenzowanych materia\u0142\u00f3w z konferencji mi\u0119dzynarodowych z dnia 29 sierpnia 2018 r.<\/a><\/li>\n<li><a href=\"http:\/\/www.solidarnosc.org.pl\/ksn\/wp-content\/uploads\/2023\/01\/Opinia_KSN_dziedziny_29.08.2018.pdf\">Opinia Krajowej Sekcji Nauki NSZZ \u201eSolidarno\u015b\u0107\u201d uzgodniona z Sekcj\u0105 Krajow\u0105 Pracownik\u00f3w Szk\u00f3\u0142 Artystycznych NSZZ \u201eSolidarno\u015b\u0107\u201d nt. projektu rozporz\u0105dzenia Ministra Nauki i Szkolnictwa Wy\u017cszego w sprawie dziedzin nauki i dyscyplin naukowych oraz dyscyplin artystycznych z dnia 29 sierpnia 2018 r.<\/a><\/li>\n<li><a href=\"http:\/\/www.solidarnosc.org.pl\/ksn\/wp-content\/uploads\/2023\/01\/Opinia_KSN_ewaluacja_29.08.2018.pdf\">Opinia Krajowej Sekcji Nauki NSZZ \u201eSolidarno\u015b\u0107\u201d uzgodniona z Sekcj\u0105 Krajow\u0105 Pracownik\u00f3w Szk\u00f3\u0142 Artystycznych NSZZ \u201eSolidarno\u015b\u0107\u201d nt. projektu rozporz\u0105dzenia Ministra Nauki i Szkolnictwa Wy\u017cszego w sprawie ewaluacji jako\u015bci dzia\u0142alno\u015bci naukowej z dnia 29 sierpnia 2018 r.<\/a><\/li>\n<li><a href=\"http:\/\/www.solidarnosc.org.pl\/ksn\/wp-content\/uploads\/2023\/01\/Opinia_KSN_ewaluacja_16.08.2018.pdf\">Opinia Krajowej Sekcji Nauki NSZZ \u201eSolidarno\u015b\u0107\u201d do projektu rozporz\u0105dzenia Ministra Nauki i Szkolnictwa Wy\u017cszego w sprawie ewaluacji jako\u015bci dzia\u0142alno\u015bci naukowej z dnia 16 sierpnia 2018 r.<\/a><\/li>\n<li><a href=\"http:\/\/www.solidarnosc.org.pl\/ksn\/wp-content\/uploads\/2023\/01\/Opinia_KSN_min_wynagr_prof_6.08.2018.pdf\">Opinia Krajowej Sekcji Nauki NSZZ \u201eSolidarno\u015b\u0107\u201d do projektu rozporz\u0105dzenia Ministra Nauki i Szkolnictwa Wy\u017cszego w sprawie wysoko\u015bci minimalnego miesi\u0119cznego wynagrodzenia zasadniczego dla profesora w uczelni publicznej z dnia 6 sierpnia 2018 r.<\/a><\/li>\n<li><a href=\"http:\/\/www.solidarnosc.org.pl\/ksn\/wp-content\/uploads\/2023\/01\/Opinia_KSN_kryteria_oceny_23.07.2018.pdf\">Opinia Krajowej Sekcji Nauki NSZZ \u201eSolidarno\u015b\u0107\u201d do projektu rozporz\u0105dzenia Ministra Nauki i Szkolnictwa Wy\u017cszego w sprawie kryteri\u00f3w oceny programowej z dnia 23 lipca 2018 r.<\/a><\/li>\n<li><a href=\"http:\/\/www.solidarnosc.org.pl\/ksn\/wp-content\/uploads\/2023\/01\/Opinia_KSN_dysc_NA_11.07.2018.pdf\">Opinia Krajowej Sekcji Nauki NSZZ \u201eSolidarno\u015b\u0107\u201d do projektu rozporz\u0105dzenia Ministra Nauki i Szkolnictwa Wy\u017cszego w sprawie szczeg\u00f3\u0142owego trybu prowadzenia mediacji, post\u0119powania wyja\u015bniaj\u0105cego i post\u0119powania dyscyplinarnego w sprawach odpowiedzialno\u015bci dyscyplinarnej nauczycieli akademickich, a tak\u017ce sposobu wykonywania kar dyscyplinarnych i ich zatarcia z dnia 11 lipca 2018 r.<\/a><\/li>\n<li><a href=\"http:\/\/www.solidarnosc.org.pl\/ksn\/wp-content\/uploads\/2023\/01\/Opinia_KSN_dysc_stud_11.07.2018.pdf\">Opinia Krajowej Sekcji Nauki NSZZ \u201eSolidarno\u015b\u0107\u201d do projektu rozporz\u0105dzenia Ministra Nauki i Szkolnictwa Wy\u017cszego w sprawie szczeg\u00f3\u0142owego trybu post\u0119powania wyja\u015bniaj\u0105cego i dyscyplinarnego w sprawach student\u00f3w, a tak\u017ce sposobu wykonywania kar dyscyplinarnych i ich zatarcia z dnia 11 lipca 2018 r.<\/a><\/li>\n<li><a href=\"http:\/\/www.solidarnosc.org.pl\/ksn\/wp-content\/uploads\/2023\/01\/Opinia_KSN_dyplomy_9.07.2018.pdf\">Opinia Krajowej Sekcji Nauki NSZZ \u201eSolidarno\u015b\u0107\u201d do projektu rozporz\u0105dzenia Ministra Nauki i Szkolnictwa Wy\u017cszego w sprawie dyplom\u00f3w doktorskich, dyplom\u00f3w habilitacyjnych i legitymacji doktoranta z dnia 9 lipca 2018 r.<\/a><\/li>\n<\/ul>\n<p><strong>Kadencja Rady KSN 2018-2023\u00a0<\/strong>\u2191<\/p>\n<hr \/>\n<ul>\n<li><a href=\"http:\/\/www.solidarnosc.org.pl\/ksn\/wp-content\/uploads\/2023\/01\/listMinNiSzW_pol_NASK_IMM.pdf\">Opinia Krajowej Sekcji Nauki NSZZ &#8222;Solidarno\u015b\u0107&#8221; w sprawie projektu rozporz\u0105dzenia Rady Ministr\u00f3w z dnia 14 grudnia 2017 roku ws. po\u0142\u0105czenia Naukowej i Akademickiej Sieci Komputerowej (PIB) i Instytutu Maszyn Matematycznych, z dnia 5 stycznia 2018 roku.<\/a><\/li>\n<li><a href=\"http:\/\/www.solidarnosc.org.pl\/ksn\/wp-content\/uploads\/2023\/01\/Uwagi-Krajowej-Sekcji-Nauki-NSZZ-Solidarnosc-do-projektu-ustawy-2.0.pdf\">Uwagi Krajowej Sekcji Nauki NSZZ \u201eSolidarno\u015b\u0107\u201d do projekt\u00f3w ustaw \u2013 Prawo o szkolnictwie wy\u017cszym i nauce (UA32) oraz Przepis\u00f3w wprowadzaj\u0105cych ustaw\u0119 \u2013 Prawo o szkolnictwie wy\u017cszymi nauce (UA33) z dnia, 16 wrze\u015bnia 2017 roku.<\/a><\/li>\n<li><a href=\"http:\/\/www.solidarnosc.org.pl\/ksn\/wp-content\/uploads\/2023\/01\/Uwagi-szczegolowe-do-projektu-ustawy-2.0.pdf\">Uwagi szczeg\u00f3\u0142owe do projektu ustawy Prawo o szkolnictwie wy\u017cszym i nauce, z dnia 16 wrze\u015bnia 2017 roku.<\/a><\/li>\n<li><a href=\"http:\/\/www.solidarnosc.org.pl\/ksn\/wp-content\/uploads\/2023\/01\/OPINIA-2017-LUKASIEWICZ_KSN.pdf\">Opinia Krajowej Sekcji Nauki NSZZ \u201eSolidarno\u015b\u0107\u201d do projektu ustawy o Sieci Badawczej \u0141ukaszewicz, z dnia 22 sierpnia 2017 r.<\/a><\/li>\n<li><a href=\"http:\/\/www.solidarnosc.org.pl\/ksn\/wp-content\/uploads\/2023\/01\/opinia-KSN-ws-NIT.pdf\">Opinia Krajowej Sekcji Nauki NSZZ \u201eSolidarno\u015b\u0107\u201d do projektu ustawy o Narodowym Instytucie Technologicznym, z dnia 12 kwietnia 2017 r.<\/a><\/li>\n<li><a href=\"http:\/\/www.solidarnosc.org.pl\/ksn\/wp-content\/uploads\/2023\/01\/Uwagi-KSN-do-projektu-Ustawy-PSW.pdf\">Uwagi Krajowej Sekcji Nauki NSZZ \u201eSolidarno\u015b\u0107\u201d \u00a0do projektu za\u0142o\u017ce\u0144 do nowej ustawy Prawo o szkolnictwie wy\u017cszym, opracowanego przez prof. Marka Kwieka wraz z Zespo\u0142em, stycze\u0144 2017 r.<\/a><\/li>\n<li><a href=\"http:\/\/www.solidarnosc.org.pl\/ksn\/wp-content\/uploads\/2023\/01\/KSN_Opnia_podzialDotacjiPodstawowejOst.pdf\">Uwagi Krajowej Sekcji Nauki NSZZ \u201eSolidarno\u015b\u0107\u201d do projektu rozporz\u0105dzenia zmieniaj\u0105cego rozporz\u0105dzenie w sprawie sposobu podzia\u0142u dotacji z bud\u017cetu pa\u0144stwa dla uczelni publicznych i niepublicznych z dnia 6 pa\u017adziernika 2016 r.<\/a><\/li>\n<li><a href=\"http:\/\/www.solidarnosc.org.pl\/ksn\/wp-content\/uploads\/2023\/01\/KSN_Opnia_DoktoratWdrozeniowy.pdf\">Uwagi Krajowej Sekcji Nauki NSZZ \u201eSolidarno\u015b\u0107\u201d do projektu ustawy o zmianie ustawy o stopniach naukowych i tytule naukowym oraz o stopniach i tytule w zakresie sztuki oraz niekt\u00f3rych innych ustaw z dnia 13 pa\u017adziernika 2016 r.<\/a><\/li>\n<li><a href=\"http:\/\/www.solidarnosc.org.pl\/ksn\/wp-content\/uploads\/2023\/01\/KSN_MNiSzW_uwagi_deregulacja_PSW_20.04.2016.pdf\">Uwagi Krajowej Sekcji Nauki NSZZ \u201eSolidarno\u015b\u0107\u201d do projektu ustawy o zmianie ustawy \u2013 Prawo o szkolnictwie wy\u017cszym oraz niekt\u00f3rych innych ustaw\u00a0 z dnia 31 marca 2016 r.<\/a><\/li>\n<li><a href=\"http:\/\/www.solidarnosc.org.pl\/ksn\/wp-content\/uploads\/2023\/01\/KSN_Uwagi_ustawa_ZZ.pdf\">Uwagi Krajowej Sekcji Nauki NSZZ \u201eSolidarno\u015b\u0107\u201d do projektu ustawy o zmianie ustawy o zwi\u0105zkach zawodowych oraz niekt\u00f3rych innych ustaw, z dnia 22 marca 2016 r.<\/a><\/li>\n<li><a href=\"http:\/\/www.solidarnosc.org.pl\/ksn\/wp-content\/uploads\/2023\/01\/KSN_opinia_okolobudzet_2016_NiSzW.pdf\">Uwagi Krajowej Sekcji Nauki NSZZ \u201eSolidarno\u015b\u0107\u201d do projektu Ustawy o zmianie niekt\u00f3rych ustaw w zwi\u0105zku z realizacj\u0105 ustawy bud\u017cetowej na rok 2016 (projekt z dnia 29 pa\u017adziernika 2015). Opinia w zakresie szkolnictwa wy\u017cszego, z dnia 17 listopada 2015 r.<\/a><\/li>\n<li><a href=\"http:\/\/www.solidarnosc.org.pl\/ksn\/wp-content\/uploads\/2023\/01\/KSN_opinia_budzet_2016_NaukaiSzW.pdf\">Opinia Krajowej Sekcji Nauki NSZZ \u201eSolidarno\u015b\u0107\u201d o projekcie Ustawy bud\u017cetowej na rok 2016, z dnia 17 wrze\u015bnia 2015 r.<\/a><\/li>\n<li><a href=\"http:\/\/www.solidarnosc.org.pl\/ksn\/wp-content\/uploads\/2023\/01\/apel_01.pdf\">Opinia Krajowej Sekcji Nauki NSZZ \u201eSolidarno\u015b\u0107\u201d o warunkach spe\u0142nienia zalece\u0144 i wdro\u017cenia Europejskiej Karty Naukowca oraz Kodeksu Post\u0119powania przy rekrutacji pracownik\u00f3w naukowych w prawie dotycz\u0105cym szkolnictwa wy\u017cszego oraz jednostek naukowych, z dnia 27 czerwca 2015 r.<\/a><\/li>\n<li><a href=\"http:\/\/www.solidarnosc.org.pl\/ksn\/wp-content\/uploads\/2023\/01\/ksn_opinia_budzet_2015_niszw.pdf\">Opinia Krajowej Sekcji Nauki NSZZ &#8222;Solidarno\u015b\u0107&#8221; o projekcie Ustawy bud\u017cetowej na rok 2015, z dnia 7 wrze\u015bnia 2014 r.<\/a><\/li>\n<li><a href=\"http:\/\/www.solidarnosc.org.pl\/ksn\/wp-content\/uploads\/2023\/01\/Opinia-KSN-o-projekcie-rozporzadzenia-MNiSW-ws.-finansowania-dzialalnosci-statutowej-13-sierpnia-2014.pdf\">Opinia KSN o projekcie rozporz\u0105dzenia MNiSW ws. finansowania dzia\u0142alno\u015bci statutowej, z dnia 13 sierpnia 2014 r.<\/a><\/li>\n<\/ul>\n<p><strong>Kadencja Rady KSN 2014-2018\u00a0<\/strong>\u2191<\/p>\n","protected":false},"excerpt":{"rendered":"<p>Opinie Krajowej Sekcji Nauki NSZZ \u201eSolidarno\u015b\u0107&#8221;: Opinia Krajowej Sekcji Nauki [&hellip;]<\/p>\n","protected":false},"author":1,"featured_media":0,"parent":0,"menu_order":0,"comment_status":"closed","ping_status":"closed","template":"","meta":{"footnotes":""},"class_list":["post-270","page","type-page","status-publish","hentry"],"yoast_head":"<!-- This site is optimized with the Yoast SEO plugin v27.3 - https:\/\/yoast.com\/product\/yoast-seo-wordpress\/ -->\n<title>Opinie KSN NSZZ &quot;Solidarno\u015b\u0107&quot; - Krajowa Sekcja Nauki NSZZ Solidarno\u015b\u0107<\/title>\n<meta name=\"robots\" content=\"index, follow, max-snippet:-1, max-image-preview:large, max-video-preview:-1\" \/>\n<link rel=\"canonical\" href=\"https:\/\/www.solidarnosc.org.pl\/ksn\/opinie-ksn-nszz-solidarnosc\/\" \/>\n<meta property=\"og:locale\" content=\"pl_PL\" \/>\n<meta property=\"og:type\" content=\"article\" \/>\n<meta property=\"og:title\" content=\"Opinie KSN NSZZ &quot;Solidarno\u015b\u0107&quot; - Krajowa Sekcja Nauki NSZZ Solidarno\u015b\u0107\" \/>\n<meta property=\"og:description\" content=\"Opinie Krajowej Sekcji Nauki NSZZ \u201eSolidarno\u015b\u0107&#8221;: Opinia Krajowej Sekcji Nauki [&hellip;]\" \/>\n<meta property=\"og:url\" content=\"https:\/\/www.solidarnosc.org.pl\/ksn\/opinie-ksn-nszz-solidarnosc\/\" \/>\n<meta property=\"og:site_name\" content=\"Krajowa Sekcja Nauki NSZZ Solidarno\u015b\u0107\" \/>\n<meta property=\"article:modified_time\" content=\"2025-10-27T10:02:20+00:00\" \/>\n<meta name=\"twitter:card\" content=\"summary_large_image\" \/>\n<meta name=\"twitter:label1\" content=\"Szacowany czas czytania\" \/>\n\t<meta name=\"twitter:data1\" content=\"8 minut\" \/>\n<script type=\"application\/ld+json\" class=\"yoast-schema-graph\">{\"@context\":\"https:\\\/\\\/schema.org\",\"@graph\":[{\"@type\":\"WebPage\",\"@id\":\"https:\\\/\\\/www.solidarnosc.org.pl\\\/ksn\\\/opinie-ksn-nszz-solidarnosc\\\/\",\"url\":\"https:\\\/\\\/www.solidarnosc.org.pl\\\/ksn\\\/opinie-ksn-nszz-solidarnosc\\\/\",\"name\":\"Opinie KSN NSZZ \\\"Solidarno\u015b\u0107\\\" - Krajowa Sekcja Nauki NSZZ Solidarno\u015b\u0107\",\"isPartOf\":{\"@id\":\"https:\\\/\\\/www.solidarnosc.org.pl\\\/ksn\\\/#website\"},\"datePublished\":\"2022-02-07T17:26:29+00:00\",\"dateModified\":\"2025-10-27T10:02:20+00:00\",\"breadcrumb\":{\"@id\":\"https:\\\/\\\/www.solidarnosc.org.pl\\\/ksn\\\/opinie-ksn-nszz-solidarnosc\\\/#breadcrumb\"},\"inLanguage\":\"pl-PL\",\"potentialAction\":[{\"@type\":\"ReadAction\",\"target\":[\"https:\\\/\\\/www.solidarnosc.org.pl\\\/ksn\\\/opinie-ksn-nszz-solidarnosc\\\/\"]}]},{\"@type\":\"BreadcrumbList\",\"@id\":\"https:\\\/\\\/www.solidarnosc.org.pl\\\/ksn\\\/opinie-ksn-nszz-solidarnosc\\\/#breadcrumb\",\"itemListElement\":[{\"@type\":\"ListItem\",\"position\":1,\"name\":\"Strona g\u0142\u00f3wna\",\"item\":\"https:\\\/\\\/www.solidarnosc.org.pl\\\/ksn\\\/\"},{\"@type\":\"ListItem\",\"position\":2,\"name\":\"Opinie KSN NSZZ &#8222;Solidarno\u015b\u0107&#8221;\"}]},{\"@type\":\"WebSite\",\"@id\":\"https:\\\/\\\/www.solidarnosc.org.pl\\\/ksn\\\/#website\",\"url\":\"https:\\\/\\\/www.solidarnosc.org.pl\\\/ksn\\\/\",\"name\":\"Krajowa Sekcja Nauki NSZZ Solidarno\u015b\u0107\",\"description\":\"Strona KSN to sprawy pracownik\u00f3w w szkolnictwie wy\u017cszym i nauce w Polsce\",\"publisher\":{\"@id\":\"https:\\\/\\\/www.solidarnosc.org.pl\\\/ksn\\\/#organization\"},\"potentialAction\":[{\"@type\":\"SearchAction\",\"target\":{\"@type\":\"EntryPoint\",\"urlTemplate\":\"https:\\\/\\\/www.solidarnosc.org.pl\\\/ksn\\\/?s={search_term_string}\"},\"query-input\":{\"@type\":\"PropertyValueSpecification\",\"valueRequired\":true,\"valueName\":\"search_term_string\"}}],\"inLanguage\":\"pl-PL\"},{\"@type\":\"Organization\",\"@id\":\"https:\\\/\\\/www.solidarnosc.org.pl\\\/ksn\\\/#organization\",\"name\":\"Krajowa Sekcja Nauki NSZZ Solidarno\u015b\u0107\",\"url\":\"https:\\\/\\\/www.solidarnosc.org.pl\\\/ksn\\\/\",\"logo\":{\"@type\":\"ImageObject\",\"inLanguage\":\"pl-PL\",\"@id\":\"https:\\\/\\\/www.solidarnosc.org.pl\\\/ksn\\\/#\\\/schema\\\/logo\\\/image\\\/\",\"url\":\"https:\\\/\\\/www.solidarnosc.org.pl\\\/ksn\\\/wp-content\\\/uploads\\\/2024\\\/10\\\/profilowe-fb.jpg\",\"contentUrl\":\"https:\\\/\\\/www.solidarnosc.org.pl\\\/ksn\\\/wp-content\\\/uploads\\\/2024\\\/10\\\/profilowe-fb.jpg\",\"width\":720,\"height\":719,\"caption\":\"Krajowa Sekcja Nauki NSZZ Solidarno\u015b\u0107\"},\"image\":{\"@id\":\"https:\\\/\\\/www.solidarnosc.org.pl\\\/ksn\\\/#\\\/schema\\\/logo\\\/image\\\/\"}}]}<\/script>\n<!-- \/ Yoast SEO plugin. -->","yoast_head_json":{"title":"Opinie KSN NSZZ \"Solidarno\u015b\u0107\" - Krajowa Sekcja Nauki NSZZ Solidarno\u015b\u0107","robots":{"index":"index","follow":"follow","max-snippet":"max-snippet:-1","max-image-preview":"max-image-preview:large","max-video-preview":"max-video-preview:-1"},"canonical":"https:\/\/www.solidarnosc.org.pl\/ksn\/opinie-ksn-nszz-solidarnosc\/","og_locale":"pl_PL","og_type":"article","og_title":"Opinie KSN NSZZ \"Solidarno\u015b\u0107\" - Krajowa Sekcja Nauki NSZZ Solidarno\u015b\u0107","og_description":"Opinie Krajowej Sekcji Nauki NSZZ \u201eSolidarno\u015b\u0107&#8221;: Opinia Krajowej Sekcji Nauki [&hellip;]","og_url":"https:\/\/www.solidarnosc.org.pl\/ksn\/opinie-ksn-nszz-solidarnosc\/","og_site_name":"Krajowa Sekcja Nauki NSZZ Solidarno\u015b\u0107","article_modified_time":"2025-10-27T10:02:20+00:00","twitter_card":"summary_large_image","twitter_misc":{"Szacowany czas czytania":"8 minut"},"schema":{"@context":"https:\/\/schema.org","@graph":[{"@type":"WebPage","@id":"https:\/\/www.solidarnosc.org.pl\/ksn\/opinie-ksn-nszz-solidarnosc\/","url":"https:\/\/www.solidarnosc.org.pl\/ksn\/opinie-ksn-nszz-solidarnosc\/","name":"Opinie KSN NSZZ \"Solidarno\u015b\u0107\" - Krajowa Sekcja Nauki NSZZ Solidarno\u015b\u0107","isPartOf":{"@id":"https:\/\/www.solidarnosc.org.pl\/ksn\/#website"},"datePublished":"2022-02-07T17:26:29+00:00","dateModified":"2025-10-27T10:02:20+00:00","breadcrumb":{"@id":"https:\/\/www.solidarnosc.org.pl\/ksn\/opinie-ksn-nszz-solidarnosc\/#breadcrumb"},"inLanguage":"pl-PL","potentialAction":[{"@type":"ReadAction","target":["https:\/\/www.solidarnosc.org.pl\/ksn\/opinie-ksn-nszz-solidarnosc\/"]}]},{"@type":"BreadcrumbList","@id":"https:\/\/www.solidarnosc.org.pl\/ksn\/opinie-ksn-nszz-solidarnosc\/#breadcrumb","itemListElement":[{"@type":"ListItem","position":1,"name":"Strona g\u0142\u00f3wna","item":"https:\/\/www.solidarnosc.org.pl\/ksn\/"},{"@type":"ListItem","position":2,"name":"Opinie KSN NSZZ &#8222;Solidarno\u015b\u0107&#8221;"}]},{"@type":"WebSite","@id":"https:\/\/www.solidarnosc.org.pl\/ksn\/#website","url":"https:\/\/www.solidarnosc.org.pl\/ksn\/","name":"Krajowa Sekcja Nauki NSZZ Solidarno\u015b\u0107","description":"Strona KSN to sprawy pracownik\u00f3w w szkolnictwie wy\u017cszym i nauce w Polsce","publisher":{"@id":"https:\/\/www.solidarnosc.org.pl\/ksn\/#organization"},"potentialAction":[{"@type":"SearchAction","target":{"@type":"EntryPoint","urlTemplate":"https:\/\/www.solidarnosc.org.pl\/ksn\/?s={search_term_string}"},"query-input":{"@type":"PropertyValueSpecification","valueRequired":true,"valueName":"search_term_string"}}],"inLanguage":"pl-PL"},{"@type":"Organization","@id":"https:\/\/www.solidarnosc.org.pl\/ksn\/#organization","name":"Krajowa Sekcja Nauki NSZZ Solidarno\u015b\u0107","url":"https:\/\/www.solidarnosc.org.pl\/ksn\/","logo":{"@type":"ImageObject","inLanguage":"pl-PL","@id":"https:\/\/www.solidarnosc.org.pl\/ksn\/#\/schema\/logo\/image\/","url":"https:\/\/www.solidarnosc.org.pl\/ksn\/wp-content\/uploads\/2024\/10\/profilowe-fb.jpg","contentUrl":"https:\/\/www.solidarnosc.org.pl\/ksn\/wp-content\/uploads\/2024\/10\/profilowe-fb.jpg","width":720,"height":719,"caption":"Krajowa Sekcja Nauki NSZZ Solidarno\u015b\u0107"},"image":{"@id":"https:\/\/www.solidarnosc.org.pl\/ksn\/#\/schema\/logo\/image\/"}}]}},"_links":{"self":[{"href":"https:\/\/www.solidarnosc.org.pl\/ksn\/wp-json\/wp\/v2\/pages\/270","targetHints":{"allow":["GET"]}}],"collection":[{"href":"https:\/\/www.solidarnosc.org.pl\/ksn\/wp-json\/wp\/v2\/pages"}],"about":[{"href":"https:\/\/www.solidarnosc.org.pl\/ksn\/wp-json\/wp\/v2\/types\/page"}],"author":[{"embeddable":true,"href":"https:\/\/www.solidarnosc.org.pl\/ksn\/wp-json\/wp\/v2\/users\/1"}],"replies":[{"embeddable":true,"href":"https:\/\/www.solidarnosc.org.pl\/ksn\/wp-json\/wp\/v2\/comments?post=270"}],"version-history":[{"count":6,"href":"https:\/\/www.solidarnosc.org.pl\/ksn\/wp-json\/wp\/v2\/pages\/270\/revisions"}],"predecessor-version":[{"id":5239,"href":"https:\/\/www.solidarnosc.org.pl\/ksn\/wp-json\/wp\/v2\/pages\/270\/revisions\/5239"}],"wp:attachment":[{"href":"https:\/\/www.solidarnosc.org.pl\/ksn\/wp-json\/wp\/v2\/media?parent=270"}],"curies":[{"name":"wp","href":"https:\/\/api.w.org\/{rel}","templated":true}]}}