{"id":175,"date":"2021-06-11T15:02:00","date_gmt":"2021-06-11T13:02:00","guid":{"rendered":"http:\/\/www.solidarnosc.org.pl\/ksn\/?page_id=175"},"modified":"2021-06-11T15:02:00","modified_gmt":"2021-06-11T13:02:00","slug":"regulamin-strony","status":"publish","type":"page","link":"https:\/\/www.solidarnosc.org.pl\/ksn\/regulamin-strony\/","title":{"rendered":"Regulamin strony"},"content":{"rendered":"<h2 style=\"text-align: center;\"><strong>REGULAMIN SRONY KRAJOWEJ SEKCJI NAUKI NSZZ SOLIDARNO\u015a\u0106 <\/strong><\/h2>\n<p><strong>I. POSTANOWIENIA OG\u00d3LNE<\/strong><\/p>\n<ol>\n<li>Niniejszy regulamin, zwany dalej Regulaminem, okre\u015bla zasady korzystania ze strony internetowej Krajowej Sekcji Nauki NSZZ Solidarno\u015b\u0107 pod adresem www.solidarnosc.org.pl\/ksn\/pl, zwanym dalej Serwisem,<\/li>\n<li>Na podstawie Regulaminu, dost\u0119p do Serwisu jest otwarty dla ka\u017cdego kto posiada mo\u017cliwo\u015b\u0107 po\u0142\u0105czenia z sieci\u0105 Internet.<\/li>\n<li>U\u017cyte w niniejszym Regulaminie okre\u015blenia maj\u0105 nast\u0119puj\u0105ce znaczenie:\n<ol>\n<li>Us\u0142ugodawca \u2013 oznacza Krajow\u0105 Sekcj\u0119 Nauki NSZZ Solidarno\u015b\u0107<\/li>\n<li>Regulamin \u2013 oznacza niniejszy dokument;<\/li>\n<li>Us\u0142ugi \u2013 us\u0142ugi \u015bwiadczone drog\u0105 elektroniczn\u0105 przez Us\u0142ugodawc\u0119 na rzecz U\u017cytkownik\u00f3w na podstawie Regulaminu;<\/li>\n<li>Serwis \u2013 oznacza zorganizowan\u0105 platform\u0119 informatyczno-informacyjn\u0105 stworzon\u0105 i udost\u0119pnion\u0105 przez Us\u0142ugodawc\u0119 w sieci Internet, umo\u017cliwiaj\u0105c\u0105 U\u017cytkownikowi korzystanie z us\u0142ugi polegaj\u0105cej na udost\u0119pnieniu danych oraz tre\u015bci opracowanych przez Us\u0142ugodawc\u0119 dost\u0119pnych pod adresem www.solidarnosc.org.pl\/ksn\/pl;<\/li>\n<li>U\u017cytkownik \u2013 osoba fizyczna, osoba prawna lub jednostka organizacyjna nie posiadaj\u0105ca osobowo\u015bci prawnej, korzystaj\u0105ca z Serwisu przez odbieranie z niego lub umieszczanie w nim danych wed\u0142ug niniejszego Regulaminu;<\/li>\n<li>Materia\u0142 \u2013 tekst, obrazy, odsy\u0142acze (linki) lub jakiekolwiek inne dane przekazane do Serwisu za pomoc\u0105 odpowiedniej procedury elektronicznej i oznaczone jako maj\u0105ce zosta\u0107 opublikowane w Serwisie;<\/li>\n<\/ol>\n<\/li>\n<\/ol>\n<p><strong>II. US\u0141UGI<\/strong><\/p>\n<ol>\n<li>Do Us\u0142ug oferowanych przez Us\u0142ugodawc\u0119 nale\u017c\u0105 w szczeg\u00f3lno\u015bci:\n<ol>\n<li>mo\u017cliwo\u015b\u0107 przegl\u0105dania i odczytywania materia\u0142\u00f3w w formie tekstu, zdj\u0119\u0107, grafik, danych itd. przez U\u017cytkownika w ramach bezp\u0142atnego dost\u0119pu do Serwisu;<\/li>\n<li>mo\u017cliwo\u015b\u0107 zadawania Us\u0142ugodawcy drog\u0105 elektroniczn\u0105 pyta\u0144 zwi\u0105zanych z okre\u015blon\u0105 tematyk\u0105 Serwisu lub dzia\u0142alno\u015bci\u0105 Us\u0142ugodawcy;<\/li>\n<\/ol>\n<\/li>\n<\/ol>\n<p><strong>III. PRAWA I OBOWI\u0104ZKI STRON<\/strong><\/p>\n<ol>\n<li>Us\u0142ugodawca zobowi\u0105zuje si\u0119 do \u015bwiadczenia Us\u0142ug drog\u0105 elektroniczn\u0105.<\/li>\n<li>Us\u0142ugodawca do\u0142o\u017cy wszelkich stara\u0144, \u017ceby Serwis funkcjonowa\u0142 w spos\u00f3b ci\u0105g\u0142y. Us\u0142ugodawca zastrzega, \u017ce w funkcjonowaniu Serwisu mog\u0105 wyst\u0105pi\u0107 przerwy w celu aktualizacji danych, naprawienia b\u0142\u0119d\u00f3w i dokonania innych prac konserwacyjnych. Us\u0142ugodawca nie b\u0119dzie informowa\u0142 o planowanej przerwie w funkcjonowaniu Serwisu.<\/li>\n<li>Us\u0142ugodawca dopuszcza mo\u017cliwo\u015b\u0107 publikacji tekst\u00f3w autorskich, jednocze\u015bnie zastrzega sobie prawo do skracania oraz rezygnacji z opublikowania pracy bez podania przyczyn. Us\u0142ugodawca nie ponosi odpowiedzialno\u015bci za tre\u015b\u0107 prac i osobiste pogl\u0105dy autor\u00f3w<strong>. <\/strong><\/li>\n<li>Us\u0142ugodawca nie ponosi odpowiedzialno\u015bci za dok\u0142adno\u015b\u0107 i aktualno\u015b\u0107 opublikowanych informacji, nie ponosi r\u00f3wnie\u017c odpowiedzialno\u015bci za ich ewentualne wykorzystywanie przez U\u017cytkownik\u00f3w dla okre\u015blonych dzia\u0142a\u0144.<\/li>\n<li>Us\u0142ugodawca nie ponosi odpowiedzialno\u015bci za jakiekolwiek skutki wykorzystania przez U\u017cytkownika informacji uzyskanych za po\u015brednictwem Serwisu, w szczeg\u00f3lno\u015bci za konsekwencje podj\u0119tych przez U\u017cytkownika na ich podstawie decyzji. Us\u0142ugodawca nie ponosi odpowiedzialno\u015bci za skutki awarii Serwisu.<\/li>\n<li>Us\u0142ugodawca zastrzega, \u017ce wszystkie wiadomo\u015bci i materia\u0142y dost\u0119pne w Serwisie s\u0105 obj\u0119te ochron\u0105 prawa autorskiego. U\u017cytkownik ma prawo do korzystania z nich jedynie w zakresie dozwolonego u\u017cytku osobistego. Kopiowanie, zwielokrotnianie, rozpowszechnianie w Internecie i inne formy korzystania z materia\u0142\u00f3w i wiadomo\u015bci umieszczonych w Serwisie wykraczaj\u0105ce poza granice dozwolonego prawa jest zabronione.<\/li>\n<li>Zabronione jest pobieranie zawarto\u015bci baz danych udost\u0119pnionych w Serwisie i wt\u00f3rne ich wykorzystywanie w ca\u0142o\u015bci lub w cz\u0119\u015bci co do jako\u015bci lub ilo\u015bci.<\/li>\n<li>Korzystaj\u0105c z Serwisu U\u017cytkownik obowi\u0105zany jest post\u0119powa\u0107 zgodnie z prawem, dobrymi obyczajami oraz zasadami wsp\u00f3\u0142\u017cycia spo\u0142ecznego. Na wypadek naruszenia powy\u017cszych zasad U\u017cytkownik ponosi ca\u0142kowit\u0105 odpowiedzialno\u015b\u0107 za wyrz\u0105dzon\u0105 szkod\u0119.<\/li>\n<li>U\u017cytkownik jest zobowi\u0105zany do przestrzegania przepis\u00f3w prawa przy korzystaniu z Serwisu, w szczeg\u00f3lno\u015bci przepis\u00f3w ustawy Prawo prasowe, przepis\u00f3w kodeksu cywilnego oraz praw w\u0142asno\u015bci intelektualnej, w szczeg\u00f3lno\u015bci ustawy o prawie autorskim i prawach pokrewnych.<\/li>\n<\/ol>\n<p><strong>VI. POSTANOWIENIA KO\u0143COWE<\/strong><\/p>\n<ol>\n<li>Us\u0142ugodawca mo\u017ce dokonywa\u0107 zmian w Regulaminie w dowolnym czasie. Wszelkie zmiany Regulaminu b\u0119d\u0105 komunikowane U\u017cytkownik\u00f3w na \u0142amach Serwisu i b\u0119d\u0105 obowi\u0105zywa\u0107 od chwili powiadomienia U\u017cytkownik\u00f3w o zmianach poprzez opublikowanie Regulaminu w nowej tre\u015bci na stronach Serwisu.<\/li>\n<li>Regulamin obowi\u0105zuje od chwili jego opublikowania na stronach Serwisu.<\/li>\n<li>Wed\u0142ug najlepszej wiedzy Us\u0142ugodawcy nie istniej\u0105 szczeg\u00f3lne zagro\u017cenia zwi\u0105zane z korzystaniem z Us\u0142ug w ramach Serwisu.<\/li>\n<li>Kwestie zwi\u0105zane z przetwarzaniem danych osobowych U\u017cytkownik\u00f3w reguluje Informacja o przetwarzaniu danych osobowych przez Krajow\u0105 Sekcj\u0119 Nauki NSZZ \u201eSolidarno\u015b\u0107\u201d dost\u0119pna w Serwisie.<\/li>\n<\/ol>\n","protected":false},"excerpt":{"rendered":"<p>REGULAMIN SRONY KRAJOWEJ SEKCJI NAUKI NSZZ SOLIDARNO\u015a\u0106 I. POSTANOWIENIA OG\u00d3LNE [&hellip;]<\/p>\n","protected":false},"author":1,"featured_media":0,"parent":0,"menu_order":0,"comment_status":"closed","ping_status":"closed","template":"","meta":{"footnotes":""},"class_list":["post-175","page","type-page","status-publish","hentry"],"yoast_head":"<!-- This site is optimized with the Yoast SEO plugin v27.3 - https:\/\/yoast.com\/product\/yoast-seo-wordpress\/ -->\n<title>Regulamin strony - Krajowa Sekcja Nauki NSZZ Solidarno\u015b\u0107<\/title>\n<meta name=\"robots\" content=\"index, follow, max-snippet:-1, max-image-preview:large, max-video-preview:-1\" \/>\n<link rel=\"canonical\" href=\"https:\/\/www.solidarnosc.org.pl\/ksn\/regulamin-strony\/\" \/>\n<meta property=\"og:locale\" content=\"pl_PL\" \/>\n<meta property=\"og:type\" content=\"article\" \/>\n<meta property=\"og:title\" content=\"Regulamin strony - Krajowa Sekcja Nauki NSZZ Solidarno\u015b\u0107\" \/>\n<meta property=\"og:description\" content=\"REGULAMIN SRONY KRAJOWEJ SEKCJI NAUKI NSZZ SOLIDARNO\u015a\u0106 I. POSTANOWIENIA OG\u00d3LNE [&hellip;]\" \/>\n<meta property=\"og:url\" content=\"https:\/\/www.solidarnosc.org.pl\/ksn\/regulamin-strony\/\" \/>\n<meta property=\"og:site_name\" content=\"Krajowa Sekcja Nauki NSZZ Solidarno\u015b\u0107\" \/>\n<meta name=\"twitter:card\" content=\"summary_large_image\" \/>\n<meta name=\"twitter:label1\" content=\"Szacowany czas czytania\" \/>\n\t<meta name=\"twitter:data1\" content=\"4 minuty\" \/>\n<script type=\"application\/ld+json\" class=\"yoast-schema-graph\">{\"@context\":\"https:\\\/\\\/schema.org\",\"@graph\":[{\"@type\":\"WebPage\",\"@id\":\"https:\\\/\\\/www.solidarnosc.org.pl\\\/ksn\\\/regulamin-strony\\\/\",\"url\":\"https:\\\/\\\/www.solidarnosc.org.pl\\\/ksn\\\/regulamin-strony\\\/\",\"name\":\"Regulamin strony - Krajowa Sekcja Nauki NSZZ Solidarno\u015b\u0107\",\"isPartOf\":{\"@id\":\"https:\\\/\\\/www.solidarnosc.org.pl\\\/ksn\\\/#website\"},\"datePublished\":\"2021-06-11T13:02:00+00:00\",\"breadcrumb\":{\"@id\":\"https:\\\/\\\/www.solidarnosc.org.pl\\\/ksn\\\/regulamin-strony\\\/#breadcrumb\"},\"inLanguage\":\"pl-PL\",\"potentialAction\":[{\"@type\":\"ReadAction\",\"target\":[\"https:\\\/\\\/www.solidarnosc.org.pl\\\/ksn\\\/regulamin-strony\\\/\"]}]},{\"@type\":\"BreadcrumbList\",\"@id\":\"https:\\\/\\\/www.solidarnosc.org.pl\\\/ksn\\\/regulamin-strony\\\/#breadcrumb\",\"itemListElement\":[{\"@type\":\"ListItem\",\"position\":1,\"name\":\"Strona g\u0142\u00f3wna\",\"item\":\"https:\\\/\\\/www.solidarnosc.org.pl\\\/ksn\\\/\"},{\"@type\":\"ListItem\",\"position\":2,\"name\":\"Regulamin strony\"}]},{\"@type\":\"WebSite\",\"@id\":\"https:\\\/\\\/www.solidarnosc.org.pl\\\/ksn\\\/#website\",\"url\":\"https:\\\/\\\/www.solidarnosc.org.pl\\\/ksn\\\/\",\"name\":\"Krajowa Sekcja Nauki NSZZ Solidarno\u015b\u0107\",\"description\":\"Strona KSN to sprawy pracownik\u00f3w w szkolnictwie wy\u017cszym i nauce w Polsce\",\"publisher\":{\"@id\":\"https:\\\/\\\/www.solidarnosc.org.pl\\\/ksn\\\/#organization\"},\"potentialAction\":[{\"@type\":\"SearchAction\",\"target\":{\"@type\":\"EntryPoint\",\"urlTemplate\":\"https:\\\/\\\/www.solidarnosc.org.pl\\\/ksn\\\/?s={search_term_string}\"},\"query-input\":{\"@type\":\"PropertyValueSpecification\",\"valueRequired\":true,\"valueName\":\"search_term_string\"}}],\"inLanguage\":\"pl-PL\"},{\"@type\":\"Organization\",\"@id\":\"https:\\\/\\\/www.solidarnosc.org.pl\\\/ksn\\\/#organization\",\"name\":\"Krajowa Sekcja Nauki NSZZ Solidarno\u015b\u0107\",\"url\":\"https:\\\/\\\/www.solidarnosc.org.pl\\\/ksn\\\/\",\"logo\":{\"@type\":\"ImageObject\",\"inLanguage\":\"pl-PL\",\"@id\":\"https:\\\/\\\/www.solidarnosc.org.pl\\\/ksn\\\/#\\\/schema\\\/logo\\\/image\\\/\",\"url\":\"https:\\\/\\\/www.solidarnosc.org.pl\\\/ksn\\\/wp-content\\\/uploads\\\/2024\\\/10\\\/profilowe-fb.jpg\",\"contentUrl\":\"https:\\\/\\\/www.solidarnosc.org.pl\\\/ksn\\\/wp-content\\\/uploads\\\/2024\\\/10\\\/profilowe-fb.jpg\",\"width\":720,\"height\":719,\"caption\":\"Krajowa Sekcja Nauki NSZZ Solidarno\u015b\u0107\"},\"image\":{\"@id\":\"https:\\\/\\\/www.solidarnosc.org.pl\\\/ksn\\\/#\\\/schema\\\/logo\\\/image\\\/\"}}]}<\/script>\n<!-- \/ Yoast SEO plugin. -->","yoast_head_json":{"title":"Regulamin strony - Krajowa Sekcja Nauki NSZZ Solidarno\u015b\u0107","robots":{"index":"index","follow":"follow","max-snippet":"max-snippet:-1","max-image-preview":"max-image-preview:large","max-video-preview":"max-video-preview:-1"},"canonical":"https:\/\/www.solidarnosc.org.pl\/ksn\/regulamin-strony\/","og_locale":"pl_PL","og_type":"article","og_title":"Regulamin strony - Krajowa Sekcja Nauki NSZZ Solidarno\u015b\u0107","og_description":"REGULAMIN SRONY KRAJOWEJ SEKCJI NAUKI NSZZ SOLIDARNO\u015a\u0106 I. POSTANOWIENIA OG\u00d3LNE [&hellip;]","og_url":"https:\/\/www.solidarnosc.org.pl\/ksn\/regulamin-strony\/","og_site_name":"Krajowa Sekcja Nauki NSZZ Solidarno\u015b\u0107","twitter_card":"summary_large_image","twitter_misc":{"Szacowany czas czytania":"4 minuty"},"schema":{"@context":"https:\/\/schema.org","@graph":[{"@type":"WebPage","@id":"https:\/\/www.solidarnosc.org.pl\/ksn\/regulamin-strony\/","url":"https:\/\/www.solidarnosc.org.pl\/ksn\/regulamin-strony\/","name":"Regulamin strony - Krajowa Sekcja Nauki NSZZ Solidarno\u015b\u0107","isPartOf":{"@id":"https:\/\/www.solidarnosc.org.pl\/ksn\/#website"},"datePublished":"2021-06-11T13:02:00+00:00","breadcrumb":{"@id":"https:\/\/www.solidarnosc.org.pl\/ksn\/regulamin-strony\/#breadcrumb"},"inLanguage":"pl-PL","potentialAction":[{"@type":"ReadAction","target":["https:\/\/www.solidarnosc.org.pl\/ksn\/regulamin-strony\/"]}]},{"@type":"BreadcrumbList","@id":"https:\/\/www.solidarnosc.org.pl\/ksn\/regulamin-strony\/#breadcrumb","itemListElement":[{"@type":"ListItem","position":1,"name":"Strona g\u0142\u00f3wna","item":"https:\/\/www.solidarnosc.org.pl\/ksn\/"},{"@type":"ListItem","position":2,"name":"Regulamin strony"}]},{"@type":"WebSite","@id":"https:\/\/www.solidarnosc.org.pl\/ksn\/#website","url":"https:\/\/www.solidarnosc.org.pl\/ksn\/","name":"Krajowa Sekcja Nauki NSZZ Solidarno\u015b\u0107","description":"Strona KSN to sprawy pracownik\u00f3w w szkolnictwie wy\u017cszym i nauce w Polsce","publisher":{"@id":"https:\/\/www.solidarnosc.org.pl\/ksn\/#organization"},"potentialAction":[{"@type":"SearchAction","target":{"@type":"EntryPoint","urlTemplate":"https:\/\/www.solidarnosc.org.pl\/ksn\/?s={search_term_string}"},"query-input":{"@type":"PropertyValueSpecification","valueRequired":true,"valueName":"search_term_string"}}],"inLanguage":"pl-PL"},{"@type":"Organization","@id":"https:\/\/www.solidarnosc.org.pl\/ksn\/#organization","name":"Krajowa Sekcja Nauki NSZZ Solidarno\u015b\u0107","url":"https:\/\/www.solidarnosc.org.pl\/ksn\/","logo":{"@type":"ImageObject","inLanguage":"pl-PL","@id":"https:\/\/www.solidarnosc.org.pl\/ksn\/#\/schema\/logo\/image\/","url":"https:\/\/www.solidarnosc.org.pl\/ksn\/wp-content\/uploads\/2024\/10\/profilowe-fb.jpg","contentUrl":"https:\/\/www.solidarnosc.org.pl\/ksn\/wp-content\/uploads\/2024\/10\/profilowe-fb.jpg","width":720,"height":719,"caption":"Krajowa Sekcja Nauki NSZZ Solidarno\u015b\u0107"},"image":{"@id":"https:\/\/www.solidarnosc.org.pl\/ksn\/#\/schema\/logo\/image\/"}}]}},"_links":{"self":[{"href":"https:\/\/www.solidarnosc.org.pl\/ksn\/wp-json\/wp\/v2\/pages\/175","targetHints":{"allow":["GET"]}}],"collection":[{"href":"https:\/\/www.solidarnosc.org.pl\/ksn\/wp-json\/wp\/v2\/pages"}],"about":[{"href":"https:\/\/www.solidarnosc.org.pl\/ksn\/wp-json\/wp\/v2\/types\/page"}],"author":[{"embeddable":true,"href":"https:\/\/www.solidarnosc.org.pl\/ksn\/wp-json\/wp\/v2\/users\/1"}],"replies":[{"embeddable":true,"href":"https:\/\/www.solidarnosc.org.pl\/ksn\/wp-json\/wp\/v2\/comments?post=175"}],"version-history":[{"count":1,"href":"https:\/\/www.solidarnosc.org.pl\/ksn\/wp-json\/wp\/v2\/pages\/175\/revisions"}],"predecessor-version":[{"id":176,"href":"https:\/\/www.solidarnosc.org.pl\/ksn\/wp-json\/wp\/v2\/pages\/175\/revisions\/176"}],"wp:attachment":[{"href":"https:\/\/www.solidarnosc.org.pl\/ksn\/wp-json\/wp\/v2\/media?parent=175"}],"curies":[{"name":"wp","href":"https:\/\/api.w.org\/{rel}","templated":true}]}}