{"id":34,"date":"2023-10-18T12:10:37","date_gmt":"2023-10-18T10:10:37","guid":{"rendered":"https:\/\/www.solidarnosc.org.pl\/gorzow\/?page_id=34"},"modified":"2023-10-30T19:02:24","modified_gmt":"2023-10-30T18:02:24","slug":"kontakt","status":"publish","type":"page","link":"https:\/\/www.solidarnosc.org.pl\/gorzow\/kontakt\/","title":{"rendered":"Kontakt"},"content":{"rendered":"\n<figure class=\"wp-block-image size-full\"><img loading=\"lazy\" decoding=\"async\" width=\"379\" height=\"133\" src=\"https:\/\/www.solidarnosc.org.pl\/gorzow\/wp-content\/uploads\/2023\/10\/kontakt_1.jpeg\" alt=\"\" class=\"wp-image-246\"\/><\/figure>\n\n\n\n<h1 class=\"wp-block-heading has-ast-global-color-0-color has-text-color has-large-font-size\" id=\"article_title\">Kontakt z Regionem Gorzowskim<\/h1>\n\n\n\n<p><strong>Zarz\u0105d Regionu Gorzowskiego NSZZ Solidarno\u015b\u0107<\/strong><br>ul. E. Borowskiego 31<br>66-400 Gorz\u00f3w Wielkopolski<br>Tel.:&nbsp; (95) 722 49 08<br>Tel. kom.:&nbsp; 513 099 522<br>Adres e-mail&nbsp; (Sekretariat ZR \u201eS\u201d) \u2013 <a href=\"mailto:sekretariat.gorzow@solidarnosc.org.pl\">sekretariat.gorzow@solidarnosc.org.pl<\/a><br>Adres e-mail (Prawnik ZR \u201eS\u201d) \u2013 <a href=\"mailto:prawnik.gorzow@solidarnosc.org.pl\">prawnik.gorzow@solidarnosc.org.pl<\/a><br>REGON: 210325952<br>NIP: 599 10 87 179<br>Nr konta bankowego: 18 1020 1954 0000 7802 0005 8370<\/p>\n","protected":false},"excerpt":{"rendered":"<p>Kontakt z Regionem Gorzowskim Zarz\u0105d Regionu Gorzowskiego NSZZ Solidarno\u015b\u0107ul. E. Borowskiego 3166-400 Gorz\u00f3w WielkopolskiTel.:&nbsp; (95) 722 49 08Tel. kom.:&nbsp; 513 099 522Adres e-mail&nbsp; (Sekretariat ZR \u201eS\u201d) \u2013 sekretariat.gorzow@solidarnosc.org.plAdres e-mail (Prawnik ZR \u201eS\u201d) \u2013 prawnik.gorzow@solidarnosc.org.plREGON: 210325952NIP: 599 10 87 179Nr konta bankowego: 18 1020 1954 0000 7802 0005 8370<\/p>\n","protected":false},"author":1,"featured_media":246,"parent":0,"menu_order":0,"comment_status":"closed","ping_status":"closed","template":"","meta":{"_eb_attr":"","_uag_custom_page_level_css":"","site-sidebar-layout":"default","site-content-layout":"","ast-site-content-layout":"","site-content-style":"default","site-sidebar-style":"default","ast-global-header-display":"","ast-banner-title-visibility":"disabled","ast-main-header-display":"","ast-hfb-above-header-display":"","ast-hfb-below-header-display":"","ast-hfb-mobile-header-display":"","site-post-title":"","ast-breadcrumbs-content":"","ast-featured-img":"","footer-sml-layout":"","theme-transparent-header-meta":"","adv-header-id-meta":"","stick-header-meta":"","header-above-stick-meta":"","header-main-stick-meta":"","header-below-stick-meta":"","astra-migrate-meta-layouts":"","footnotes":""},"uagb_featured_image_src":{"full":["https:\/\/www.solidarnosc.org.pl\/gorzow\/wp-content\/uploads\/2023\/10\/kontakt_1.jpeg",379,133,false],"thumbnail":["https:\/\/www.solidarnosc.org.pl\/gorzow\/wp-content\/uploads\/2023\/10\/kontakt_1.jpeg",150,53,false],"medium":["https:\/\/www.solidarnosc.org.pl\/gorzow\/wp-content\/uploads\/2023\/10\/kontakt_1.jpeg",300,105,false],"medium_large":["https:\/\/www.solidarnosc.org.pl\/gorzow\/wp-content\/uploads\/2023\/10\/kontakt_1.jpeg",379,133,false],"large":["https:\/\/www.solidarnosc.org.pl\/gorzow\/wp-content\/uploads\/2023\/10\/kontakt_1.jpeg",379,133,false],"1536x1536":["https:\/\/www.solidarnosc.org.pl\/gorzow\/wp-content\/uploads\/2023\/10\/kontakt_1.jpeg",379,133,false],"2048x2048":["https:\/\/www.solidarnosc.org.pl\/gorzow\/wp-content\/uploads\/2023\/10\/kontakt_1.jpeg",379,133,false]},"uagb_author_info":{"display_name":"Region Gorzowski","author_link":"https:\/\/www.solidarnosc.org.pl\/gorzow\/author\/region\/"},"uagb_comment_info":0,"uagb_excerpt":"Kontakt z Regionem Gorzowskim Zarz\u0105d Regionu Gorzowskiego NSZZ Solidarno\u015b\u0107ul. E. Borowskiego 3166-400 Gorz\u00f3w WielkopolskiTel.:&nbsp; (95) 722 49 08Tel. kom.:&nbsp; 513 099 522Adres e-mail&nbsp; (Sekretariat ZR \u201eS\u201d) \u2013 sekretariat.gorzow@solidarnosc.org.plAdres e-mail (Prawnik ZR \u201eS\u201d) \u2013 prawnik.gorzow@solidarnosc.org.plREGON: 210325952NIP: 599 10 87 179Nr konta bankowego: 18 1020 1954 0000 7802 0005 8370","_links":{"self":[{"href":"https:\/\/www.solidarnosc.org.pl\/gorzow\/wp-json\/wp\/v2\/pages\/34"}],"collection":[{"href":"https:\/\/www.solidarnosc.org.pl\/gorzow\/wp-json\/wp\/v2\/pages"}],"about":[{"href":"https:\/\/www.solidarnosc.org.pl\/gorzow\/wp-json\/wp\/v2\/types\/page"}],"author":[{"embeddable":true,"href":"https:\/\/www.solidarnosc.org.pl\/gorzow\/wp-json\/wp\/v2\/users\/1"}],"replies":[{"embeddable":true,"href":"https:\/\/www.solidarnosc.org.pl\/gorzow\/wp-json\/wp\/v2\/comments?post=34"}],"version-history":[{"count":5,"href":"https:\/\/www.solidarnosc.org.pl\/gorzow\/wp-json\/wp\/v2\/pages\/34\/revisions"}],"predecessor-version":[{"id":247,"href":"https:\/\/www.solidarnosc.org.pl\/gorzow\/wp-json\/wp\/v2\/pages\/34\/revisions\/247"}],"wp:featuredmedia":[{"embeddable":true,"href":"https:\/\/www.solidarnosc.org.pl\/gorzow\/wp-json\/wp\/v2\/media\/246"}],"wp:attachment":[{"href":"https:\/\/www.solidarnosc.org.pl\/gorzow\/wp-json\/wp\/v2\/media?parent=34"}],"curies":[{"name":"wp","href":"https:\/\/api.w.org\/{rel}","templated":true}]}}