{"id":232,"date":"2023-10-29T11:13:23","date_gmt":"2023-10-29T10:13:23","guid":{"rendered":"https:\/\/www.solidarnosc.org.pl\/gorzow\/?page_id=232"},"modified":"2023-11-20T08:25:10","modified_gmt":"2023-11-20T07:25:10","slug":"powiat-slubicki","status":"publish","type":"page","link":"https:\/\/www.solidarnosc.org.pl\/gorzow\/powiat-slubicki\/","title":{"rendered":"Powiat s\u0142ubicki"},"content":{"rendered":"\n<p><strong>Organizacje zwi\u0105zkowe NSZZ Solidarno\u015b\u0107 na obszarze powiatu s\u0142ubickiego<\/strong><\/p>\n\n\n\n<figure class=\"wp-block-table\"><table><tbody><tr><td>Lp.<\/td><td>Nazwa organizacji zwi\u0105zkowej<\/td><td>Przewodnicz\u0105cy<\/td><td>Kontakt<\/td><\/tr><tr><td>1.<\/td><td>Organizacja Zak\u0142adowa NSZZ \u201eSolidarno\u015b\u0107\u201d przy Nadle\u015bnictwie Rzepin<\/td><td>Marek Radzik<\/td><td>603\u00a0803 326<\/td><\/tr><tr><td>2.<\/td><td>Organizacja Zak\u0142adowa NSZZ \u201eSolidarno\u015b\u0107\u201d przy \u201eSteinpol\u201d sp. z o. o. w Rzepinie<\/td><td>Piotr Sassek<\/td><td>888\u00a0260 051<\/td><\/tr><tr><td>3.<\/td><td>Komisja Zak\u0142adowa NSZZ \u201eSolidarno\u015b\u0107\u201d przy PEKAES S.A. w S\u0142ubicach<\/td><td>Wojciech Czepulis<\/td><td><\/td><\/tr><tr><td>4.<\/td><td>Ko\u0142o Terenowe Bezrobotnych, Emeryt\u00f3w i Rencist\u00f3w Gminy Rzepin NSZZ \u201eSolidarno\u015b\u0107\u201d<\/td><td>Krzysztof Ha\u0144bicki<\/td><td>691\u00a0103\u00a0592<br>janhanbicki51@gmail.com<\/td><\/tr><tr><td>5.<\/td><td>Organizacja Zak\u0142adowa NSZZ \u201eSolidarno\u015b\u0107\u201d przy Powiatowej Stra\u017cy Po\u017carnej w S\u0142ubicach<\/td><td>Arkadiusz W\u00f3jcik<\/td><td>533\u00a0112\u00a0988<br>morales112@wp.pl<\/td><\/tr><tr><td>6.<\/td><td><\/td><td><\/td><td><\/td><\/tr><\/tbody><\/table><\/figure>\n","protected":false},"excerpt":{"rendered":"<p>Organizacje zwi\u0105zkowe NSZZ Solidarno\u015b\u0107 na obszarze powiatu s\u0142ubickiego Lp. Nazwa organizacji zwi\u0105zkowej Przewodnicz\u0105cy Kontakt 1. Organizacja Zak\u0142adowa NSZZ \u201eSolidarno\u015b\u0107\u201d przy Nadle\u015bnictwie Rzepin Marek Radzik 603\u00a0803 326 2. Organizacja Zak\u0142adowa NSZZ \u201eSolidarno\u015b\u0107\u201d przy \u201eSteinpol\u201d sp. z o. o. w Rzepinie Piotr Sassek 888\u00a0260 051 3. Komisja Zak\u0142adowa NSZZ \u201eSolidarno\u015b\u0107\u201d przy PEKAES S.A. w S\u0142ubicach Wojciech Czepulis &hellip;<\/p>\n<p class=\"read-more\"> <a class=\"\" href=\"https:\/\/www.solidarnosc.org.pl\/gorzow\/powiat-slubicki\/\"> <span class=\"screen-reader-text\">Powiat s\u0142ubicki<\/span> Czytaj wi\u0119cej &raquo;<\/a><\/p>\n","protected":false},"author":1,"featured_media":215,"parent":0,"menu_order":0,"comment_status":"closed","ping_status":"closed","template":"","meta":{"_eb_attr":"","_uag_custom_page_level_css":"","site-sidebar-layout":"default","site-content-layout":"","ast-site-content-layout":"","site-content-style":"default","site-sidebar-style":"default","ast-global-header-display":"","ast-banner-title-visibility":"","ast-main-header-display":"","ast-hfb-above-header-display":"","ast-hfb-below-header-display":"","ast-hfb-mobile-header-display":"","site-post-title":"","ast-breadcrumbs-content":"","ast-featured-img":"","footer-sml-layout":"","theme-transparent-header-meta":"","adv-header-id-meta":"","stick-header-meta":"","header-above-stick-meta":"","header-main-stick-meta":"","header-below-stick-meta":"","astra-migrate-meta-layouts":"","footnotes":""},"uagb_featured_image_src":{"full":["https:\/\/www.solidarnosc.org.pl\/gorzow\/wp-content\/uploads\/2023\/10\/organizacje_z.jpg",300,193,false],"thumbnail":["https:\/\/www.solidarnosc.org.pl\/gorzow\/wp-content\/uploads\/2023\/10\/organizacje_z.jpg",150,97,false],"medium":["https:\/\/www.solidarnosc.org.pl\/gorzow\/wp-content\/uploads\/2023\/10\/organizacje_z.jpg",300,193,false],"medium_large":["https:\/\/www.solidarnosc.org.pl\/gorzow\/wp-content\/uploads\/2023\/10\/organizacje_z.jpg",300,193,false],"large":["https:\/\/www.solidarnosc.org.pl\/gorzow\/wp-content\/uploads\/2023\/10\/organizacje_z.jpg",300,193,false],"1536x1536":["https:\/\/www.solidarnosc.org.pl\/gorzow\/wp-content\/uploads\/2023\/10\/organizacje_z.jpg",300,193,false],"2048x2048":["https:\/\/www.solidarnosc.org.pl\/gorzow\/wp-content\/uploads\/2023\/10\/organizacje_z.jpg",300,193,false]},"uagb_author_info":{"display_name":"Region Gorzowski","author_link":"https:\/\/www.solidarnosc.org.pl\/gorzow\/author\/region\/"},"uagb_comment_info":0,"uagb_excerpt":"Organizacje zwi\u0105zkowe NSZZ Solidarno\u015b\u0107 na obszarze powiatu s\u0142ubickiego Lp. Nazwa organizacji zwi\u0105zkowej Przewodnicz\u0105cy Kontakt 1. Organizacja Zak\u0142adowa NSZZ \u201eSolidarno\u015b\u0107\u201d przy Nadle\u015bnictwie Rzepin Marek Radzik 603\u00a0803 326 2. Organizacja Zak\u0142adowa NSZZ \u201eSolidarno\u015b\u0107\u201d przy \u201eSteinpol\u201d sp. z o. o. w Rzepinie Piotr Sassek 888\u00a0260 051 3. Komisja Zak\u0142adowa NSZZ \u201eSolidarno\u015b\u0107\u201d przy PEKAES S.A. w S\u0142ubicach Wojciech Czepulis&hellip;","_links":{"self":[{"href":"https:\/\/www.solidarnosc.org.pl\/gorzow\/wp-json\/wp\/v2\/pages\/232"}],"collection":[{"href":"https:\/\/www.solidarnosc.org.pl\/gorzow\/wp-json\/wp\/v2\/pages"}],"about":[{"href":"https:\/\/www.solidarnosc.org.pl\/gorzow\/wp-json\/wp\/v2\/types\/page"}],"author":[{"embeddable":true,"href":"https:\/\/www.solidarnosc.org.pl\/gorzow\/wp-json\/wp\/v2\/users\/1"}],"replies":[{"embeddable":true,"href":"https:\/\/www.solidarnosc.org.pl\/gorzow\/wp-json\/wp\/v2\/comments?post=232"}],"version-history":[{"count":4,"href":"https:\/\/www.solidarnosc.org.pl\/gorzow\/wp-json\/wp\/v2\/pages\/232\/revisions"}],"predecessor-version":[{"id":341,"href":"https:\/\/www.solidarnosc.org.pl\/gorzow\/wp-json\/wp\/v2\/pages\/232\/revisions\/341"}],"wp:featuredmedia":[{"embeddable":true,"href":"https:\/\/www.solidarnosc.org.pl\/gorzow\/wp-json\/wp\/v2\/media\/215"}],"wp:attachment":[{"href":"https:\/\/www.solidarnosc.org.pl\/gorzow\/wp-json\/wp\/v2\/media?parent=232"}],"curies":[{"name":"wp","href":"https:\/\/api.w.org\/{rel}","templated":true}]}}