{"id":47,"date":"2025-03-02T11:16:40","date_gmt":"2025-03-02T10:16:40","guid":{"rendered":"https:\/\/dm74866.domenomania.eu\/solidarnosc\/?page_id=47"},"modified":"2025-05-29T15:19:21","modified_gmt":"2025-05-29T13:19:21","slug":"porady-prawne","status":"publish","type":"page","link":"https:\/\/www.solidarnosc.org.pl\/elblag\/pomoc-i-wsparcie\/porady-prawne\/","title":{"rendered":"Porady prawne"},"content":{"rendered":"\n<h2 class=\"wp-block-heading has-vivid-red-color has-text-color has-link-color wp-elements-a8811c7598ac950ec32140815f879ee9\">Porady prawne<\/h2>\n\n\n\n<p>Nasza kancelaria prawna oferuje:<br>\u2714 Analiz\u0119 um\u00f3w o prac\u0119.<br>\u2714 Pomoc w sprawach dotycz\u0105cych nies\u0142usznych zwolnie\u0144.<br>\u2714 Reprezentacj\u0119 w sporach pracowniczych.<br>\u2714 Wsparcie w przypadkach mobbingu i dyskryminacji.<\/p>\n\n\n\n<p>\ud83d\udcc5 <strong>Zapisz si\u0119 na konsultacj\u0119 online lub spotkanie w biurze.<\/strong><\/p>\n\n\n\n<div class=\"wp-block-uagb-container uagb-block-eadad3c6 default uagb-is-root-container\"><\/div>\n\n\n\n<p><\/p>\n","protected":false},"excerpt":{"rendered":"<p>Porady prawne Nasza kancelaria prawna oferuje:\u2714 Analiz\u0119 um\u00f3w o prac\u0119.\u2714 Pomoc w sprawach dotycz\u0105cych nies\u0142usznych zwolnie\u0144.\u2714 Reprezentacj\u0119 w sporach pracowniczych.\u2714 Wsparcie w przypadkach mobbingu i dyskryminacji. \ud83d\udcc5 Zapisz si\u0119 na konsultacj\u0119 online lub spotkanie w biurze.<\/p>\n","protected":false},"author":1,"featured_media":0,"parent":43,"menu_order":0,"comment_status":"closed","ping_status":"closed","template":"","meta":{"_coblocks_attr":"","_coblocks_dimensions":"","_coblocks_responsive_height":"","_coblocks_accordion_ie_support":"","_uag_custom_page_level_css":"","footnotes":""},"class_list":["post-47","page","type-page","status-publish","hentry"],"blocksy_meta":{"page_structure_type":"default","styles_descriptor":{"styles":{"desktop":"","tablet":"","mobile":""},"google_fonts":[],"version":6},"content_style_source":"inherit","vertical_spacing_source":"inherit","content_style":"wide"},"yoast_head":"<!-- This site is optimized with the Yoast SEO plugin v25.4 - https:\/\/yoast.com\/wordpress\/plugins\/seo\/ -->\n<title>Porady prawne - Solidarno\u015b\u0107 Region Elbl\u0105ski<\/title>\n<meta name=\"robots\" content=\"index, follow, max-snippet:-1, max-image-preview:large, max-video-preview:-1\" \/>\n<link rel=\"canonical\" href=\"https:\/\/www.solidarnosc.org.pl\/elblag\/pomoc-i-wsparcie\/porady-prawne\/\" \/>\n<meta property=\"og:locale\" content=\"pl_PL\" \/>\n<meta property=\"og:type\" content=\"article\" \/>\n<meta property=\"og:title\" content=\"Porady prawne - Solidarno\u015b\u0107 Region Elbl\u0105ski\" \/>\n<meta property=\"og:description\" content=\"Porady prawne Nasza kancelaria prawna oferuje:\u2714 Analiz\u0119 um\u00f3w o prac\u0119.\u2714 Pomoc w sprawach dotycz\u0105cych nies\u0142usznych zwolnie\u0144.\u2714 Reprezentacj\u0119 w sporach pracowniczych.\u2714 Wsparcie w przypadkach mobbingu i dyskryminacji. \ud83d\udcc5 Zapisz si\u0119 na konsultacj\u0119 online lub spotkanie w biurze.\" \/>\n<meta property=\"og:url\" content=\"https:\/\/www.solidarnosc.org.pl\/elblag\/pomoc-i-wsparcie\/porady-prawne\/\" \/>\n<meta property=\"og:site_name\" content=\"Solidarno\u015b\u0107 Region Elbl\u0105ski\" \/>\n<meta property=\"article:publisher\" content=\"https:\/\/www.facebook.com\/RegionElblaskiNszzSolidarnosc\" \/>\n<meta property=\"article:modified_time\" content=\"2025-05-29T13:19:21+00:00\" \/>\n<meta property=\"og:image\" content=\"https:\/\/www.solidarnosc.org.pl\/elblag\/wp-content\/uploads\/Plik_system\/Motyw\/image0-3.jpeg\" \/>\n\t<meta property=\"og:image:width\" content=\"1920\" \/>\n\t<meta property=\"og:image:height\" content=\"1080\" \/>\n\t<meta property=\"og:image:type\" content=\"image\/jpeg\" \/>\n<meta name=\"twitter:card\" content=\"summary_large_image\" \/>\n<meta name=\"twitter:label1\" content=\"Szacowany czas czytania\" \/>\n\t<meta name=\"twitter:data1\" content=\"1 minuta\" \/>\n<script type=\"application\/ld+json\" class=\"yoast-schema-graph\">{\"@context\":\"https:\/\/schema.org\",\"@graph\":[{\"@type\":\"WebPage\",\"@id\":\"https:\/\/www.solidarnosc.org.pl\/elblag\/pomoc-i-wsparcie\/porady-prawne\/\",\"url\":\"https:\/\/www.solidarnosc.org.pl\/elblag\/pomoc-i-wsparcie\/porady-prawne\/\",\"name\":\"Porady prawne - Solidarno\u015b\u0107 Region Elbl\u0105ski\",\"isPartOf\":{\"@id\":\"https:\/\/www.solidarnosc.org.pl\/elblag\/#website\"},\"datePublished\":\"2025-03-02T10:16:40+00:00\",\"dateModified\":\"2025-05-29T13:19:21+00:00\",\"breadcrumb\":{\"@id\":\"https:\/\/www.solidarnosc.org.pl\/elblag\/pomoc-i-wsparcie\/porady-prawne\/#breadcrumb\"},\"inLanguage\":\"pl-PL\",\"potentialAction\":[{\"@type\":\"ReadAction\",\"target\":[\"https:\/\/www.solidarnosc.org.pl\/elblag\/pomoc-i-wsparcie\/porady-prawne\/\"]}]},{\"@type\":\"BreadcrumbList\",\"@id\":\"https:\/\/www.solidarnosc.org.pl\/elblag\/pomoc-i-wsparcie\/porady-prawne\/#breadcrumb\",\"itemListElement\":[{\"@type\":\"ListItem\",\"position\":1,\"name\":\"Home\",\"item\":\"https:\/\/www.solidarnosc.org.pl\/elblag\/\"},{\"@type\":\"ListItem\",\"position\":2,\"name\":\"Strefa Zwi\u0105zkowa (tylko dzia\u0142 &#8211; nie jest podpi\u0119te pod menu)\",\"item\":\"https:\/\/www.solidarnosc.org.pl\/elblag\/pomoc-i-wsparcie\/\"},{\"@type\":\"ListItem\",\"position\":3,\"name\":\"Porady prawne\"}]},{\"@type\":\"WebSite\",\"@id\":\"https:\/\/www.solidarnosc.org.pl\/elblag\/#website\",\"url\":\"https:\/\/www.solidarnosc.org.pl\/elblag\/\",\"name\":\"Solidarno\u015b\u0107 Region Elbl\u0105ski\",\"description\":\"\",\"publisher\":{\"@id\":\"https:\/\/www.solidarnosc.org.pl\/elblag\/#organization\"},\"potentialAction\":[{\"@type\":\"SearchAction\",\"target\":{\"@type\":\"EntryPoint\",\"urlTemplate\":\"https:\/\/www.solidarnosc.org.pl\/elblag\/?s={search_term_string}\"},\"query-input\":{\"@type\":\"PropertyValueSpecification\",\"valueRequired\":true,\"valueName\":\"search_term_string\"}}],\"inLanguage\":\"pl-PL\"},{\"@type\":\"Organization\",\"@id\":\"https:\/\/www.solidarnosc.org.pl\/elblag\/#organization\",\"name\":\"Solidarno\u015b\u0107 Region Elbl\u0105ski\",\"url\":\"https:\/\/www.solidarnosc.org.pl\/elblag\/\",\"logo\":{\"@type\":\"ImageObject\",\"inLanguage\":\"pl-PL\",\"@id\":\"https:\/\/www.solidarnosc.org.pl\/elblag\/#\/schema\/logo\/image\/\",\"url\":\"https:\/\/www.solidarnosc.org.pl\/elblag\/wp-content\/uploads\/Plik_system\/Motyw\/Region.png\",\"contentUrl\":\"https:\/\/www.solidarnosc.org.pl\/elblag\/wp-content\/uploads\/Plik_system\/Motyw\/Region.png\",\"width\":2200,\"height\":1300,\"caption\":\"Solidarno\u015b\u0107 Region Elbl\u0105ski\"},\"image\":{\"@id\":\"https:\/\/www.solidarnosc.org.pl\/elblag\/#\/schema\/logo\/image\/\"},\"sameAs\":[\"https:\/\/www.facebook.com\/RegionElblaskiNszzSolidarnosc\"]}]}<\/script>\n<!-- \/ Yoast SEO plugin. -->","yoast_head_json":{"title":"Porady prawne - Solidarno\u015b\u0107 Region Elbl\u0105ski","robots":{"index":"index","follow":"follow","max-snippet":"max-snippet:-1","max-image-preview":"max-image-preview:large","max-video-preview":"max-video-preview:-1"},"canonical":"https:\/\/www.solidarnosc.org.pl\/elblag\/pomoc-i-wsparcie\/porady-prawne\/","og_locale":"pl_PL","og_type":"article","og_title":"Porady prawne - Solidarno\u015b\u0107 Region Elbl\u0105ski","og_description":"Porady prawne Nasza kancelaria prawna oferuje:\u2714 Analiz\u0119 um\u00f3w o prac\u0119.\u2714 Pomoc w sprawach dotycz\u0105cych nies\u0142usznych zwolnie\u0144.\u2714 Reprezentacj\u0119 w sporach pracowniczych.\u2714 Wsparcie w przypadkach mobbingu i dyskryminacji. \ud83d\udcc5 Zapisz si\u0119 na konsultacj\u0119 online lub spotkanie w biurze.","og_url":"https:\/\/www.solidarnosc.org.pl\/elblag\/pomoc-i-wsparcie\/porady-prawne\/","og_site_name":"Solidarno\u015b\u0107 Region Elbl\u0105ski","article_publisher":"https:\/\/www.facebook.com\/RegionElblaskiNszzSolidarnosc","article_modified_time":"2025-05-29T13:19:21+00:00","og_image":[{"width":1920,"height":1080,"url":"https:\/\/www.solidarnosc.org.pl\/elblag\/wp-content\/uploads\/Plik_system\/Motyw\/image0-3.jpeg","type":"image\/jpeg"}],"twitter_card":"summary_large_image","twitter_misc":{"Szacowany czas czytania":"1 minuta"},"schema":{"@context":"https:\/\/schema.org","@graph":[{"@type":"WebPage","@id":"https:\/\/www.solidarnosc.org.pl\/elblag\/pomoc-i-wsparcie\/porady-prawne\/","url":"https:\/\/www.solidarnosc.org.pl\/elblag\/pomoc-i-wsparcie\/porady-prawne\/","name":"Porady prawne - Solidarno\u015b\u0107 Region Elbl\u0105ski","isPartOf":{"@id":"https:\/\/www.solidarnosc.org.pl\/elblag\/#website"},"datePublished":"2025-03-02T10:16:40+00:00","dateModified":"2025-05-29T13:19:21+00:00","breadcrumb":{"@id":"https:\/\/www.solidarnosc.org.pl\/elblag\/pomoc-i-wsparcie\/porady-prawne\/#breadcrumb"},"inLanguage":"pl-PL","potentialAction":[{"@type":"ReadAction","target":["https:\/\/www.solidarnosc.org.pl\/elblag\/pomoc-i-wsparcie\/porady-prawne\/"]}]},{"@type":"BreadcrumbList","@id":"https:\/\/www.solidarnosc.org.pl\/elblag\/pomoc-i-wsparcie\/porady-prawne\/#breadcrumb","itemListElement":[{"@type":"ListItem","position":1,"name":"Home","item":"https:\/\/www.solidarnosc.org.pl\/elblag\/"},{"@type":"ListItem","position":2,"name":"Strefa Zwi\u0105zkowa (tylko dzia\u0142 &#8211; nie jest podpi\u0119te pod menu)","item":"https:\/\/www.solidarnosc.org.pl\/elblag\/pomoc-i-wsparcie\/"},{"@type":"ListItem","position":3,"name":"Porady prawne"}]},{"@type":"WebSite","@id":"https:\/\/www.solidarnosc.org.pl\/elblag\/#website","url":"https:\/\/www.solidarnosc.org.pl\/elblag\/","name":"Solidarno\u015b\u0107 Region Elbl\u0105ski","description":"","publisher":{"@id":"https:\/\/www.solidarnosc.org.pl\/elblag\/#organization"},"potentialAction":[{"@type":"SearchAction","target":{"@type":"EntryPoint","urlTemplate":"https:\/\/www.solidarnosc.org.pl\/elblag\/?s={search_term_string}"},"query-input":{"@type":"PropertyValueSpecification","valueRequired":true,"valueName":"search_term_string"}}],"inLanguage":"pl-PL"},{"@type":"Organization","@id":"https:\/\/www.solidarnosc.org.pl\/elblag\/#organization","name":"Solidarno\u015b\u0107 Region Elbl\u0105ski","url":"https:\/\/www.solidarnosc.org.pl\/elblag\/","logo":{"@type":"ImageObject","inLanguage":"pl-PL","@id":"https:\/\/www.solidarnosc.org.pl\/elblag\/#\/schema\/logo\/image\/","url":"https:\/\/www.solidarnosc.org.pl\/elblag\/wp-content\/uploads\/Plik_system\/Motyw\/Region.png","contentUrl":"https:\/\/www.solidarnosc.org.pl\/elblag\/wp-content\/uploads\/Plik_system\/Motyw\/Region.png","width":2200,"height":1300,"caption":"Solidarno\u015b\u0107 Region Elbl\u0105ski"},"image":{"@id":"https:\/\/www.solidarnosc.org.pl\/elblag\/#\/schema\/logo\/image\/"},"sameAs":["https:\/\/www.facebook.com\/RegionElblaskiNszzSolidarnosc"]}]}},"uagb_featured_image_src":{"full":false,"thumbnail":false,"medium":false,"medium_large":false,"large":false,"1536x1536":false,"2048x2048":false},"uagb_author_info":{"display_name":"admin","author_link":"https:\/\/www.solidarnosc.org.pl\/elblag\/author\/admin\/"},"uagb_comment_info":0,"uagb_excerpt":"Porady prawne Nasza kancelaria prawna oferuje:\u2714 Analiz\u0119 um\u00f3w o prac\u0119.\u2714 Pomoc w sprawach dotycz\u0105cych nies\u0142usznych zwolnie\u0144.\u2714 Reprezentacj\u0119 w sporach pracowniczych.\u2714 Wsparcie w przypadkach mobbingu i dyskryminacji. \ud83d\udcc5 Zapisz si\u0119 na konsultacj\u0119 online lub spotkanie w biurze.","_links":{"self":[{"href":"https:\/\/www.solidarnosc.org.pl\/elblag\/wp-json\/wp\/v2\/pages\/47","targetHints":{"allow":["GET"]}}],"collection":[{"href":"https:\/\/www.solidarnosc.org.pl\/elblag\/wp-json\/wp\/v2\/pages"}],"about":[{"href":"https:\/\/www.solidarnosc.org.pl\/elblag\/wp-json\/wp\/v2\/types\/page"}],"author":[{"embeddable":true,"href":"https:\/\/www.solidarnosc.org.pl\/elblag\/wp-json\/wp\/v2\/users\/1"}],"replies":[{"embeddable":true,"href":"https:\/\/www.solidarnosc.org.pl\/elblag\/wp-json\/wp\/v2\/comments?post=47"}],"version-history":[{"count":75,"href":"https:\/\/www.solidarnosc.org.pl\/elblag\/wp-json\/wp\/v2\/pages\/47\/revisions"}],"predecessor-version":[{"id":568,"href":"https:\/\/www.solidarnosc.org.pl\/elblag\/wp-json\/wp\/v2\/pages\/47\/revisions\/568"}],"up":[{"embeddable":true,"href":"https:\/\/www.solidarnosc.org.pl\/elblag\/wp-json\/wp\/v2\/pages\/43"}],"wp:attachment":[{"href":"https:\/\/www.solidarnosc.org.pl\/elblag\/wp-json\/wp\/v2\/media?parent=47"}],"curies":[{"name":"wp","href":"https:\/\/api.w.org\/{rel}","templated":true}]}}