{"id":41858,"date":"2024-12-19T13:23:21","date_gmt":"2024-12-19T11:23:21","guid":{"rendered":"https:\/\/www.solidarnosc.org.pl\/bbial\/?page_id=41858"},"modified":"2024-12-19T13:28:17","modified_gmt":"2024-12-19T11:28:17","slug":"ksiegowosc-zwiazkowa","status":"publish","type":"page","link":"https:\/\/www.solidarnosc.org.pl\/bbial\/spotkania-i-wydarzenia\/ksiegowosc-zwiazkowa\/","title":{"rendered":"Ksi\u0119gowo\u015b\u0107 zwi\u0105zkowa"},"content":{"rendered":"\t\t<div data-elementor-type=\"wp-page\" data-elementor-id=\"41858\" class=\"elementor elementor-41858\" data-elementor-post-type=\"page\">\n\t\t\t\t\t\t<section class=\"elementor-section elementor-top-section elementor-element elementor-element-33a00c3 elementor-section-boxed elementor-section-height-default elementor-section-height-default\" data-id=\"33a00c3\" data-element_type=\"section\" data-e-type=\"section\">\n\t\t\t\t\t\t<div class=\"elementor-container elementor-column-gap-default\">\n\t\t\t\t\t<div class=\"elementor-column elementor-col-100 elementor-top-column elementor-element elementor-element-03a8e11\" data-id=\"03a8e11\" data-element_type=\"column\" data-e-type=\"column\">\n\t\t\t<div class=\"elementor-widget-wrap elementor-element-populated\">\n\t\t\t\t\t\t<div class=\"elementor-element elementor-element-0fce907 elementor-widget elementor-widget-heading\" data-id=\"0fce907\" data-element_type=\"widget\" data-e-type=\"widget\" data-widget_type=\"heading.default\">\n\t\t\t\t<div class=\"elementor-widget-container\">\n\t\t\t\t\t<h3 class=\"elementor-heading-title elementor-size-default\">Ksi\u0119gowo\u015b\u0107 zwi\u0105zkowa<\/h3>\t\t\t\t<\/div>\n\t\t\t\t<\/div>\n\t\t\t\t<div class=\"elementor-element elementor-element-c7fb619 elementor-widget__width-initial elementor-widget-mobile__width-inherit elementor-widget elementor-widget-text-editor\" data-id=\"c7fb619\" data-element_type=\"widget\" data-e-type=\"widget\" data-widget_type=\"text-editor.default\">\n\t\t\t\t<div class=\"elementor-widget-container\">\n\t\t\t\t\t\t\t\t\t<p>Brak sprawozda\u0144 jest od 1 stycznia 2015r. dotkliwie karany.<br \/>Wi\u0119cej informacji znajdziesz\u00a0<strong><a href=\"https:\/\/www.solidarnosc.org.pl\/bbial\/wp-content\/uploads\/2024\/12\/termin.pdf\">tutaj<\/a><\/strong><\/p><hr \/><p>Wi\u0119cej<strong>\u00a0<a href=\"https:\/\/www.solidarnosc.org.pl\/bbial\/do-pobrania-wnioski\/\">TUTAJ (OD PUNKTU 8)<\/a><\/strong><\/p>\t\t\t\t\t\t\t\t<\/div>\n\t\t\t\t<\/div>\n\t\t\t\t\t<\/div>\n\t\t<\/div>\n\t\t\t\t\t<\/div>\n\t\t<\/section>\n\t\t\t\t<\/div>\n\t\t","protected":false},"excerpt":{"rendered":"<p>Ksi\u0119gowo\u015b\u0107 zwi\u0105zkowa Brak sprawozda\u0144 jest od 1 stycznia 2015r. dotkliwie karany.Wi\u0119cej informacji znajdziesz\u00a0tutaj Wi\u0119cej\u00a0TUTAJ (OD PUNKTU 8)<\/p>\n","protected":false},"author":1,"featured_media":0,"parent":39036,"menu_order":0,"comment_status":"closed","ping_status":"closed","template":"","meta":{"footnotes":""},"class_list":["post-41858","page","type-page","status-publish","hentry"],"_links":{"self":[{"href":"https:\/\/www.solidarnosc.org.pl\/bbial\/wp-json\/wp\/v2\/pages\/41858","targetHints":{"allow":["GET"]}}],"collection":[{"href":"https:\/\/www.solidarnosc.org.pl\/bbial\/wp-json\/wp\/v2\/pages"}],"about":[{"href":"https:\/\/www.solidarnosc.org.pl\/bbial\/wp-json\/wp\/v2\/types\/page"}],"author":[{"embeddable":true,"href":"https:\/\/www.solidarnosc.org.pl\/bbial\/wp-json\/wp\/v2\/users\/1"}],"replies":[{"embeddable":true,"href":"https:\/\/www.solidarnosc.org.pl\/bbial\/wp-json\/wp\/v2\/comments?post=41858"}],"version-history":[{"count":4,"href":"https:\/\/www.solidarnosc.org.pl\/bbial\/wp-json\/wp\/v2\/pages\/41858\/revisions"}],"predecessor-version":[{"id":41886,"href":"https:\/\/www.solidarnosc.org.pl\/bbial\/wp-json\/wp\/v2\/pages\/41858\/revisions\/41886"}],"up":[{"embeddable":true,"href":"https:\/\/www.solidarnosc.org.pl\/bbial\/wp-json\/wp\/v2\/pages\/39036"}],"wp:attachment":[{"href":"https:\/\/www.solidarnosc.org.pl\/bbial\/wp-json\/wp\/v2\/media?parent=41858"}],"curies":[{"name":"wp","href":"https:\/\/api.w.org\/{rel}","templated":true}]}}