{"id":38397,"date":"2024-12-03T16:17:59","date_gmt":"2024-12-03T14:17:59","guid":{"rendered":"https:\/\/www.solidarnosc.org.pl\/bbial\/?page_id=38397"},"modified":"2024-12-13T14:54:30","modified_gmt":"2024-12-13T12:54:30","slug":"dzial-rozwoju-zwiazku","status":"publish","type":"page","link":"https:\/\/www.solidarnosc.org.pl\/bbial\/dzial-rozwoju-zwiazku\/","title":{"rendered":"DZIA\u0141 ROZWOJU ZWI\u0104ZKU"},"content":{"rendered":"\t\t<div data-elementor-type=\"wp-page\" data-elementor-id=\"38397\" class=\"elementor elementor-38397\" data-elementor-post-type=\"page\">\n\t\t\t\t\t\t<section class=\"elementor-section elementor-top-section elementor-element elementor-element-b9491fb elementor-section-boxed elementor-section-height-default elementor-section-height-default\" data-id=\"b9491fb\" data-element_type=\"section\" data-e-type=\"section\">\n\t\t\t\t\t\t<div class=\"elementor-container elementor-column-gap-default\">\n\t\t\t\t\t<div class=\"elementor-column elementor-col-50 elementor-top-column elementor-element elementor-element-2c96b31\" data-id=\"2c96b31\" data-element_type=\"column\" data-e-type=\"column\">\n\t\t\t<div class=\"elementor-widget-wrap elementor-element-populated\">\n\t\t\t\t\t\t<div class=\"elementor-element elementor-element-192bb36 elementor-widget elementor-widget-text-editor\" data-id=\"192bb36\" data-element_type=\"widget\" data-e-type=\"widget\" data-widget_type=\"text-editor.default\">\n\t\t\t\t<div class=\"elementor-widget-container\">\n\t\t\t\t\t\t\t\t\t<p><strong>Dzia\u0142 Rozwoju Zwi\u0105zku<\/strong><\/p>\t\t\t\t\t\t\t\t<\/div>\n\t\t\t\t<\/div>\n\t\t\t\t<div class=\"elementor-element elementor-element-219c240 elementor-icon-list--layout-traditional elementor-list-item-link-full_width elementor-widget elementor-widget-icon-list\" data-id=\"219c240\" data-element_type=\"widget\" data-e-type=\"widget\" data-widget_type=\"icon-list.default\">\n\t\t\t\t<div class=\"elementor-widget-container\">\n\t\t\t\t\t\t\t<ul class=\"elementor-icon-list-items\">\n\t\t\t\t\t\t\t<li class=\"elementor-icon-list-item\">\n\t\t\t\t\t\t\t\t\t\t\t<span class=\"elementor-icon-list-icon\">\n\t\t\t\t\t\t\t<i aria-hidden=\"true\" class=\"fas fa-door-closed\"><\/i>\t\t\t\t\t\t<\/span>\n\t\t\t\t\t\t\t\t\t\t<span class=\"elementor-icon-list-text\">Pok\u00f3j nr 13<\/span>\n\t\t\t\t\t\t\t\t\t<\/li>\n\t\t\t\t\t\t\t\t<li class=\"elementor-icon-list-item\">\n\t\t\t\t\t\t\t\t\t\t\t<a href=\"tel:33%20812%2067%2090\">\n\n\t\t\t\t\t\t\t\t\t\t\t\t<span class=\"elementor-icon-list-icon\">\n\t\t\t\t\t\t\t<i aria-hidden=\"true\" class=\"fas fa-phone-alt\"><\/i>\t\t\t\t\t\t<\/span>\n\t\t\t\t\t\t\t\t\t\t<span class=\"elementor-icon-list-text\">33 812 67 90, wewn\u0119trzny: 22<\/span>\n\t\t\t\t\t\t\t\t\t\t\t<\/a>\n\t\t\t\t\t\t\t\t\t<\/li>\n\t\t\t\t\t\t\t\t<li class=\"elementor-icon-list-item\">\n\t\t\t\t\t\t\t\t\t\t\t<a href=\"mailto:drz.bbial@solidarnosc.org.pl\">\n\n\t\t\t\t\t\t\t\t\t\t\t\t<span class=\"elementor-icon-list-icon\">\n\t\t\t\t\t\t\t<i aria-hidden=\"true\" class=\"fas fa-envelope\"><\/i>\t\t\t\t\t\t<\/span>\n\t\t\t\t\t\t\t\t\t\t<span class=\"elementor-icon-list-text\">drz.bbial@solidarnosc.org.pl<\/span>\n\t\t\t\t\t\t\t\t\t\t\t<\/a>\n\t\t\t\t\t\t\t\t\t<\/li>\n\t\t\t\t\t\t<\/ul>\n\t\t\t\t\t\t<\/div>\n\t\t\t\t<\/div>\n\t\t\t\t<div class=\"elementor-element elementor-element-ba73d9d elementor-widget elementor-widget-text-editor\" data-id=\"ba73d9d\" data-element_type=\"widget\" data-e-type=\"widget\" data-widget_type=\"text-editor.default\">\n\t\t\t\t<div class=\"elementor-widget-container\">\n\t\t\t\t\t\t\t\t\t<p><strong>Uwaga:<\/strong><\/p>\t\t\t\t\t\t\t\t<\/div>\n\t\t\t\t<\/div>\n\t\t\t\t<div class=\"elementor-element elementor-element-e521f7d elementor-widget elementor-widget-text-editor\" data-id=\"e521f7d\" data-element_type=\"widget\" data-e-type=\"widget\" data-widget_type=\"text-editor.default\">\n\t\t\t\t<div class=\"elementor-widget-container\">\n\t\t\t\t\t\t\t\t\t<p>Wszystkie osoby, kt\u00f3re nie posiadaj\u0105 w swoim miejscu pracy organizacji zwi\u0105zkowej NSZZ \u201eSolidarno\u015b\u0107\u201d lub obecnie nie pracuj\u0105, mog\u0105 zapisa\u0107 si\u0119 do\u00a0<strong>Terenowej Organizacji Zwi\u0105zkowej<\/strong>, dzia\u0142aj\u0105cej przy Zarz\u0105dzie Regionu Podbeskidzie.<\/p>\t\t\t\t\t\t\t\t<\/div>\n\t\t\t\t<\/div>\n\t\t\t\t<div class=\"elementor-element elementor-element-e37a640 elementor-widget elementor-widget-text-editor\" data-id=\"e37a640\" data-element_type=\"widget\" data-e-type=\"widget\" data-widget_type=\"text-editor.default\">\n\t\t\t\t<div class=\"elementor-widget-container\">\n\t\t\t\t\t\t\t\t\t<p><strong>Dokumenty potrzebne do za\u0142o\u017cenia nowej organizacji zwi\u0105zkowej:<\/strong><\/p>\t\t\t\t\t\t\t\t<\/div>\n\t\t\t\t<\/div>\n\t\t\t\t<div class=\"elementor-element elementor-element-f32b8e5 elementor-widget elementor-widget-text-editor\" data-id=\"f32b8e5\" data-element_type=\"widget\" data-e-type=\"widget\" data-widget_type=\"text-editor.default\">\n\t\t\t\t<div class=\"elementor-widget-container\">\n\t\t\t\t\t\t\t\t\t<p><strong>Etap 1<\/strong><br \/><a href=\"http:\/\/www.solidarnosc.org.pl\/bbial\/wp-content\/uploads\/2020\/11\/etap_1_korekta.rtf\">Lista os\u00f3b<\/a><\/p><p><strong>Etap 2<\/strong><br \/><a href=\"http:\/\/www.solidarnosc.org.pl\/bbial\/wp-content\/uploads\/2020\/11\/etap_2_korekta.rtf\">Uchwa\u0142a ws. za\u0142o\u017cenia organizacji zwi\u0105zkowej<\/a><\/p><p><strong>Etap 3<\/strong><br \/><a href=\"http:\/\/www.solidarnosc.org.pl\/bbial\/wp-content\/uploads\/2020\/11\/Wniosek-o-rejestracj%C4%99-nowej-organizacji-w-Regionie-Podbeskidzie-1.doc\">Wniosek o zarejestrowanie organizacji zwi\u0105zkowej w Regionie Podbeskidzie<\/a><br \/><a href=\"http:\/\/www.solidarnosc.org.pl\/bbial\/wp-content\/uploads\/2020\/11\/skladki_wniosek.doc\">Wniosek ws. przekazywania sk\u0142adki zwi\u0105zkowej na rachunki bankowe<\/a><\/p>\t\t\t\t\t\t\t\t<\/div>\n\t\t\t\t<\/div>\n\t\t\t\t\t<\/div>\n\t\t<\/div>\n\t\t\t\t<div class=\"elementor-column elementor-col-50 elementor-top-column elementor-element elementor-element-df0b8cd\" data-id=\"df0b8cd\" data-element_type=\"column\" data-e-type=\"column\">\n\t\t\t<div class=\"elementor-widget-wrap elementor-element-populated\">\n\t\t\t\t\t\t<div class=\"elementor-element elementor-element-77ae6b0 elementor-widget elementor-widget-text-editor\" data-id=\"77ae6b0\" data-element_type=\"widget\" data-e-type=\"widget\" data-widget_type=\"text-editor.default\">\n\t\t\t\t<div class=\"elementor-widget-container\">\n\t\t\t\t\t\t\t\t\t<strong>Koordynator<\/strong>\t\t\t\t\t\t\t\t<\/div>\n\t\t\t\t<\/div>\n\t\t\t\t<div class=\"elementor-element elementor-element-9e6b12a elementor-widget elementor-widget-image\" data-id=\"9e6b12a\" data-element_type=\"widget\" data-e-type=\"widget\" data-widget_type=\"image.default\">\n\t\t\t\t<div class=\"elementor-widget-container\">\n\t\t\t\t\t\t\t\t\t\t\t\t\t\t\t<img fetchpriority=\"high\" decoding=\"async\" width=\"300\" height=\"300\" src=\"https:\/\/www.solidarnosc.org.pl\/bbial\/wp-content\/uploads\/2024\/12\/piotr_golab-300x300-1.png\" class=\"attachment-large size-large wp-image-38617\" alt=\"\" srcset=\"https:\/\/www.solidarnosc.org.pl\/bbial\/wp-content\/uploads\/2024\/12\/piotr_golab-300x300-1.png 300w, https:\/\/www.solidarnosc.org.pl\/bbial\/wp-content\/uploads\/2024\/12\/piotr_golab-300x300-1-150x150.png 150w\" sizes=\"(max-width: 300px) 100vw, 300px\" \/>\t\t\t\t\t\t\t\t\t\t\t\t\t\t\t<\/div>\n\t\t\t\t<\/div>\n\t\t\t\t<div class=\"elementor-element elementor-element-9a6292d elementor-widget elementor-widget-text-editor\" data-id=\"9a6292d\" data-element_type=\"widget\" data-e-type=\"widget\" data-widget_type=\"text-editor.default\">\n\t\t\t\t<div class=\"elementor-widget-container\">\n\t\t\t\t\t\t\t\t\t<h3 class=\"elementor-icon-box-title\">Piotr Go\u0142\u0105b<\/h3><p class=\"elementor-icon-box-description\">tel. 530 760 060<br \/>email:\u00a0<b><a href=\"mailto:pgolab5@wp.pl\">pgolab5@wp.pl<\/a><\/b><\/p>\t\t\t\t\t\t\t\t<\/div>\n\t\t\t\t<\/div>\n\t\t\t\t\t<\/div>\n\t\t<\/div>\n\t\t\t\t\t<\/div>\n\t\t<\/section>\n\t\t\t\t<\/div>\n\t\t","protected":false},"excerpt":{"rendered":"<p>Dzia\u0142 Rozwoju Zwi\u0105zku Pok\u00f3j nr 13 33 812 67 90, wewn\u0119trzny: 22 drz.bbial@solidarnosc.org.pl Uwaga: Wszystkie osoby, kt\u00f3re nie posiadaj\u0105 w swoim miejscu pracy organizacji zwi\u0105zkowej NSZZ \u201eSolidarno\u015b\u0107\u201d lub obecnie nie pracuj\u0105, mog\u0105 zapisa\u0107 si\u0119 do\u00a0Terenowej Organizacji Zwi\u0105zkowej, dzia\u0142aj\u0105cej przy Zarz\u0105dzie Regionu Podbeskidzie. Dokumenty potrzebne do za\u0142o\u017cenia nowej organizacji zwi\u0105zkowej: Etap 1Lista os\u00f3b Etap 2Uchwa\u0142a ws. [&hellip;]<\/p>\n","protected":false},"author":1,"featured_media":0,"parent":0,"menu_order":0,"comment_status":"closed","ping_status":"closed","template":"","meta":{"footnotes":""},"class_list":["post-38397","page","type-page","status-publish","hentry"],"_links":{"self":[{"href":"https:\/\/www.solidarnosc.org.pl\/bbial\/wp-json\/wp\/v2\/pages\/38397","targetHints":{"allow":["GET"]}}],"collection":[{"href":"https:\/\/www.solidarnosc.org.pl\/bbial\/wp-json\/wp\/v2\/pages"}],"about":[{"href":"https:\/\/www.solidarnosc.org.pl\/bbial\/wp-json\/wp\/v2\/types\/page"}],"author":[{"embeddable":true,"href":"https:\/\/www.solidarnosc.org.pl\/bbial\/wp-json\/wp\/v2\/users\/1"}],"replies":[{"embeddable":true,"href":"https:\/\/www.solidarnosc.org.pl\/bbial\/wp-json\/wp\/v2\/comments?post=38397"}],"version-history":[{"count":11,"href":"https:\/\/www.solidarnosc.org.pl\/bbial\/wp-json\/wp\/v2\/pages\/38397\/revisions"}],"predecessor-version":[{"id":42354,"href":"https:\/\/www.solidarnosc.org.pl\/bbial\/wp-json\/wp\/v2\/pages\/38397\/revisions\/42354"}],"wp:attachment":[{"href":"https:\/\/www.solidarnosc.org.pl\/bbial\/wp-json\/wp\/v2\/media?parent=38397"}],"curies":[{"name":"wp","href":"https:\/\/api.w.org\/{rel}","templated":true}]}}