{"id":38368,"date":"2024-12-03T16:13:37","date_gmt":"2024-12-03T14:13:37","guid":{"rendered":"https:\/\/www.solidarnosc.org.pl\/bbial\/?page_id=38368"},"modified":"2024-12-12T14:33:24","modified_gmt":"2024-12-12T12:33:24","slug":"strony-internetowe-organizacji","status":"publish","type":"page","link":"https:\/\/www.solidarnosc.org.pl\/bbial\/strony-internetowe-organizacji\/","title":{"rendered":"Strony internetowe organizacji"},"content":{"rendered":"\t\t<div data-elementor-type=\"wp-page\" data-elementor-id=\"38368\" class=\"elementor elementor-38368\" data-elementor-post-type=\"page\">\n\t\t\t\t\t\t<section class=\"elementor-section elementor-top-section elementor-element elementor-element-1e86d04 elementor-section-boxed elementor-section-height-default elementor-section-height-default\" data-id=\"1e86d04\" data-element_type=\"section\" data-e-type=\"section\">\n\t\t\t\t\t\t<div class=\"elementor-container elementor-column-gap-default\">\n\t\t\t\t\t<div class=\"elementor-column elementor-col-100 elementor-top-column elementor-element elementor-element-49a99a6\" data-id=\"49a99a6\" data-element_type=\"column\" data-e-type=\"column\">\n\t\t\t<div class=\"elementor-widget-wrap elementor-element-populated\">\n\t\t\t\t\t\t<div class=\"elementor-element elementor-element-849f695 elementor-widget elementor-widget-text-editor\" data-id=\"849f695\" data-element_type=\"widget\" data-e-type=\"widget\" data-widget_type=\"text-editor.default\">\n\t\t\t\t<div class=\"elementor-widget-container\">\n\t\t\t\t\t\t\t\t\t<p><a href=\"http:\/\/www.solidarnoscfiat.pl\/\" target=\"blank\">Mi\u0119dzyzak\u0142adowa Organizacja Zwi\u0105zkowa\u00a0NSZZ \u201eSolidarno\u015b\u0107\u201d\u00a0<strong>FCA Poland<\/strong><\/a><\/p><p><a href=\"http:\/\/solidarnosc-pgsilesia.pl\/\" target=\"blank\">Komisja Zak\u0142adowa NSZZ \u201eSolidarno\u015b\u0107\u201d przy\u00a0<b>PG Silesia<\/b><\/a><\/p>\t\t\t\t\t\t\t\t<\/div>\n\t\t\t\t<\/div>\n\t\t\t\t\t<\/div>\n\t\t<\/div>\n\t\t\t\t\t<\/div>\n\t\t<\/section>\n\t\t\t\t<\/div>\n\t\t","protected":false},"excerpt":{"rendered":"<p>Mi\u0119dzyzak\u0142adowa Organizacja Zwi\u0105zkowa\u00a0NSZZ \u201eSolidarno\u015b\u0107\u201d\u00a0FCA Poland Komisja Zak\u0142adowa NSZZ \u201eSolidarno\u015b\u0107\u201d przy\u00a0PG Silesia<\/p>\n","protected":false},"author":1,"featured_media":0,"parent":0,"menu_order":0,"comment_status":"closed","ping_status":"closed","template":"","meta":{"footnotes":""},"class_list":["post-38368","page","type-page","status-publish","hentry"],"_links":{"self":[{"href":"https:\/\/www.solidarnosc.org.pl\/bbial\/wp-json\/wp\/v2\/pages\/38368","targetHints":{"allow":["GET"]}}],"collection":[{"href":"https:\/\/www.solidarnosc.org.pl\/bbial\/wp-json\/wp\/v2\/pages"}],"about":[{"href":"https:\/\/www.solidarnosc.org.pl\/bbial\/wp-json\/wp\/v2\/types\/page"}],"author":[{"embeddable":true,"href":"https:\/\/www.solidarnosc.org.pl\/bbial\/wp-json\/wp\/v2\/users\/1"}],"replies":[{"embeddable":true,"href":"https:\/\/www.solidarnosc.org.pl\/bbial\/wp-json\/wp\/v2\/comments?post=38368"}],"version-history":[{"count":7,"href":"https:\/\/www.solidarnosc.org.pl\/bbial\/wp-json\/wp\/v2\/pages\/38368\/revisions"}],"predecessor-version":[{"id":38949,"href":"https:\/\/www.solidarnosc.org.pl\/bbial\/wp-json\/wp\/v2\/pages\/38368\/revisions\/38949"}],"wp:attachment":[{"href":"https:\/\/www.solidarnosc.org.pl\/bbial\/wp-json\/wp\/v2\/media?parent=38368"}],"curies":[{"name":"wp","href":"https:\/\/api.w.org\/{rel}","templated":true}]}}