{"id":54,"date":"2014-06-09T10:45:41","date_gmt":"2014-06-09T10:45:41","guid":{"rendered":"http:\/\/election.premiumthemes.in\/?page_id=54"},"modified":"2024-01-19T13:43:01","modified_gmt":"2024-01-19T12:43:01","slug":"kontakt-z-nami","status":"publish","type":"page","link":"https:\/\/www.solidarnosc.org.pl\/bbial\/archiwumstrony\/kontakt-z-nami\/","title":{"rendered":"KONTAKT"},"content":{"rendered":"<div id=\"\" class=\"swm_full_width_section swm_section_prallax swm_parallax_on swm_full_stretch\" style=\" background-color:#ffffff;background-size: cover;  padding-top:40px; padding-bottom:40px; margin-top:; margin-bottom:; color:#606060;  \" data-bg-scrollSpeed=\"1.5\" data-parallaxtest=\"true\"><div class=\"swm_container\">\n<div class=\"swm_column swm_two_third first \">\n<h3><strong>ODDZIA\u0141Y<br \/><\/strong><div class=\"su-divider su-divider-style-default\" style=\"margin:15px 0;border-width:3px;border-color:#054c73\"><\/div><\/h3>\n<p><!--\n\n&#091;grumpy_google&#093;\n\n--><\/p>\n<h3><strong><a href=\"\" target=\"_self\"><i class=\"fa   fa-external-link-square size_tiny \" style=\"  color:#054c73; margin:0px;\"><\/i><\/a>\u00a0 CIESZYN<\/strong><\/h3>\n<p><strong><div class=\"su-divider su-divider-style-default\" style=\"margin:15px 0;border-width:1px;border-color:#d40003\"><\/div><a href=\"\" target=\"_self\"><i class=\"fa   fa-envelope size_tiny \" style=\"  color:#054c73; margin:0px;\"><\/i><\/a> 43-400 Cieszyn, ul. G\u0142\u0119boka 58<br \/><\/strong>609 436 566<br \/><a href=\"mailto:michal.bbial@solidarnosc.org.pl\">michal.bbial@solidarnosc.org.pl<\/a><\/p>\n<hr \/>\n<h3><strong><a href=\"\" target=\"_self\"><i class=\"fa   fa-external-link-square size_tiny \" style=\"  color:#054c73; margin:0px;\"><\/i><\/a> O\u015aWI\u0118CIM<\/strong><\/h3>\n<p><strong><div class=\"su-divider su-divider-style-default\" style=\"margin:15px 0;border-width:1px;border-color:#d40003\"><\/div><a href=\"\" target=\"_self\"><i class=\"fa   fa-envelope size_tiny \" style=\"  color:#054c73; margin:0px;\"><\/i><\/a> 32-600 O\u015bwi\u0119cim, ul. \u015aniadeckiego 21<\/strong><br \/>506 194 984<br \/><a href=\"mailto:j.czerwik.bbial@solidarnosc.org.pl\">j.czerwik.bbial@solidarnosc.org.pl<\/a><\/p>\n<hr \/>\n<h3><strong><a href=\"\" target=\"_self\"><i class=\"fa   fa-external-link-square size_tiny \" style=\"  color:#054c73; margin:0px;\"><\/i><\/a> SKOCZ\u00d3W<\/strong><\/h3>\n<p><strong><div class=\"su-divider su-divider-style-default\" style=\"margin:15px 0;border-width:1px;border-color:#d40003\"><\/div><a href=\"\" target=\"_self\"><i class=\"fa   fa-envelope size_tiny \" style=\"  color:#054c73; margin:0px;\"><\/i><\/a> <\/strong><strong>43-430 Skocz\u00f3w, ul. Bielska 18<\/strong><br \/>786 320 390<strong><br \/><\/strong><a href=\"mailto:m.niedbalski.bbial@solidarnosc.org.pl\" target=\"_blank\" rel=\"noopener\">m.niedbalski.bbial@<wbr \/>solidarnosc.org.pl<\/a><\/p>\n<p>&nbsp;<\/p>\n<hr \/>\n<h3><strong><a href=\"\" target=\"_self\"><i class=\"fa   fa-external-link-square size_tiny \" style=\"  color:#054c73; margin:0px;\"><\/i><\/a> \u017bYWIEC, <\/strong>SUCHA BESKIDZKA<\/h3>\n<p><strong><div class=\"su-divider su-divider-style-default\" style=\"margin:15px 0;border-width:1px;border-color:#d40003\"><\/div><a href=\"\" target=\"_self\"><i class=\"fa   fa-envelope size_tiny \" style=\"  color:#054c73; margin:0px;\"><\/i><\/a> 34-300 \u017bywiec, Al. Pi\u0142sudskiego 56<\/strong><br \/>506 194 978<br \/><a href=\"mailto:sekr.bbial@solidarnosc.org.pl\">sekr.bbial@solidarnosc.org.pl<\/a><\/p>\n<hr \/>\n<h3><span style=\"color: #ff0000;\">konto: <strong>ING Bank \u015al\u0105ski SA\u00a0 92 1050 1070 1000 0090 3045 4210<\/strong><\/span><\/h3>\n<\/div>\n<div class=\"swm_column swm_one_third  \">\n<h3><strong>Chcesz do nas do\u0142\u0105czy\u0107?<br \/><\/strong><div class=\"su-divider su-divider-style-default\" style=\"margin:15px 0;border-width:3px;border-color:#054c73\"><\/div><\/h3>\n<p><span style=\"color: #808080;\">Masz pytania lub w\u0105tpliwo\u015bci? Skontaktuj si\u0119 z nami:\u00a0<\/span><\/p>\n<p><span style=\"color: #808080;\">Region Podbeskidzie NSZZ \u201eSolidarno\u015b\u0107\u201d<\/span><br \/><span style=\"color: #808080;\">43-300 Bielsko-Bia\u0142a, ul. Adama Asnyka 19<\/span><\/p>\n<div class=\"su-divider su-divider-style-default\" style=\"margin:15px 0;border-width:1px;border-color:#054c73\"><\/div>\n<p><span style=\"color: #808080;\"><b>Sekretariat<\/b><\/span><br \/><span style=\"color: #808080;\"> <b>tel.\u00a0<\/b>(33) 812 67 90<\/span><br \/><span style=\"color: #808080;\"> <b>e-mail:\u00a0<\/b><a style=\"color: #808080;\" href=\"mailto:bbial@solidarnosc.org.pl\" target=\"_blank\" rel=\"noopener noreferrer\">bbial@solidarnosc.org.pl<\/a><br \/><\/span><\/p>\n<div class=\"su-divider su-divider-style-default\" style=\"margin:15px 0;border-width:1px;border-color:#054c73\"><\/div>\n<p><span style=\"color: #808080;\"><strong>Dzia\u0142 Administracji &#8211; Micha\u0142 Przyby\u0142<br \/>tel. 786 634 584<br \/><\/strong><\/span><span style=\"color: #808080;\"><b>e-mail:\u00a0<\/b><a style=\"color: #808080;\" href=\"mailto:biuro.bbial@solidarnosc.org.pl\" target=\"_blank\" rel=\"noopener noreferrer\">biuro.bbial@solidarnosc.org.pl<\/a><\/span><\/p>\n<div class=\"su-divider su-divider-style-default\" style=\"margin:15px 0;border-width:1px;border-color:#054c73\"><\/div>\n<p><span style=\"color: #808080;\"><strong>Sekretarz &#8211; \u0141ukasz Lewandowski<\/strong><br \/><strong>tel. 506 194 978<\/strong><br \/><strong><b>tel.<\/b>\u00a0<\/strong>(33) 812 67 52<br \/><b>e-mail:\u00a0<\/b><a style=\"color: #808080;\" href=\"mailto:sekr.bbial@solidarnosc.org.pl\" target=\"_blank\" rel=\"noopener noreferrer\">sekr.bbial@solidarnosc.org.pl<\/a><\/span><\/p>\n<div class=\"su-divider su-divider-style-default\" style=\"margin:15px 0;border-width:1px;border-color:#054c73\"><\/div>\n<p><span style=\"color: #808080;\"><b>Skarbnik, Dzia\u0142 Szkole\u0144 &#8211; Andrzej Ko\u0142odziejski<\/b><br \/><b>tel.<\/b>\u00a0(33) 812 67 90, 603 321 939<strong><br \/><b>e-mail:\u00a0<\/b><\/strong><a style=\"color: #808080;\" href=\"mailto:skarb.bbial@solidarnosc.org.pl\">skarb.bbial@solidarnosc.org.pl<\/a><\/span><\/p>\n<div class=\"su-divider su-divider-style-default\" style=\"margin:15px 0;border-width:1px;border-color:#054c73\"><\/div>\n<p><span style=\"color: #808080;\"><b><strong>Ksi\u0119gowo\u015b\u0107<\/strong>\u00a0&#8211;\u00a0<strong>Agata Orlicka<\/strong>\u00a0<br \/>tel. <\/b><strong>506 194 686<\/strong><b><br \/><\/b><\/span><span style=\"color: #808080;\"><strong><b>e-mail:\u00a0<\/b><\/strong><a style=\"color: #808080;\" href=\"mailto:a.orlicka.bbial@solidarnosc.org.pl\">a.orlicka.bbial@solidarnosc.org.pl<\/a><b><\/b><\/span><\/p>\n<div class=\"su-divider su-divider-style-default\" style=\"margin:15px 0;border-width:1px;border-color:#054c73\"><\/div>\n<p><span style=\"color: #808080;\"><strong>DZIA\u0141 PRAWNY<\/strong><\/span><br \/><span style=\"color: #808080;\"><b>tel.<\/b>\u00a0(33) 812 67 53<strong><br \/><b>e-mail:\u00a0<\/b><\/strong><a style=\"color: #808080;\" href=\"mailto:prawnicy.bbial@solidarnosc.org.pl\">prawnicy.bbial@solidarnosc.org.pl<\/a><\/span><\/p>\n<p><span style=\"color: #808080;\">Radca Prawny mgr El\u017cbieta Kami\u0144ska-Waluk<\/span><br \/><span style=\"color: #808080;\">tel. 739 200 320<\/span><br \/><span style=\"color: #808080;\"><strong><b>e-mail:<\/b><\/strong> e.kaminska-waluk.bbial@solidarnosc.org.pl<\/span><\/p>\n<p>Adwokat mgr Weronika Heller <br \/>tel. 506 194 582<br \/>email:\u00a0<a href=\"mailto:w.heller.bbial@solidarnosc.org.pl\">w.heller.bbial@solidarnosc.org.pl<\/a><\/p>\n<p>Radca prawny mgr Mariusz W\u00f3jcik<br \/>tel. 506 195 720<br \/>email:\u00a0<a href=\"mailto:m.wojcik.bbial@solidarnosc.org.pl\" target=\"_blank\" rel=\"noopener\">m.wojcik.bbial@solidarnosc.<wbr \/>org.pl<\/a><\/p>\n<div class=\"su-divider su-divider-style-default\" style=\"margin:15px 0;border-width:1px;border-color:#054c73\"><\/div>\n<p><span style=\"color: #808080;\"><b>Dzia\u0142 Rozwoju Zwi\u0105zku &#8211; Piotr Go\u0142\u0105b<\/b><\/span><br \/><span style=\"color: #808080;\"> <b>tel.<\/b> <strong>530 760 060<br \/><b>e-mail:\u00a0<\/b><\/strong><a style=\"color: #808080;\" href=\"mailto:drz.bbial@solidarnosc.org.pl\">drz.bbial@solidarnosc.org.pl<\/a><strong><br \/><\/strong><\/span><\/p>\n<div class=\"su-divider su-divider-style-default\" style=\"margin:15px 0;border-width:1px;border-color:#054c73\"><\/div>\n<p><span style=\"color: #808080;\"><strong><b>Informacja zwi\u0105zkowa &#8211; Artur Kasprzykowski<br \/><\/b><b>tel.<\/b> 601 931 555<br \/><b>e-mail:\u00a0<\/b><\/strong><a style=\"color: #808080;\" href=\"mailto:arturkas@wp.pl\">arturkas@wp.pl<\/a><\/span><\/p>\n<div class=\"su-divider su-divider-style-default\" style=\"margin:15px 0;border-width:1px;border-color:#054c73\"><\/div>\n<p><strong><span style=\"color: #808080;\">O\u015bwiata<\/span><\/strong><br \/><span style=\"color: #808080;\">Sekretariat: <strong>tel.\/fax (33) 812 67 70<br \/><\/strong>e-mail: <a href=\"mailto:oswiata.bbial@solidarnosc.org.pl\" target=\"_blank\" rel=\"noopener noreferrer\"><span style=\"color: #999999;\"><span style=\"color: #808080;\">oswiata.bbial@solidarnosc.org.pl<\/span><\/span><\/a><br \/>Przewodnicz\u0105ca: <strong>Justyna Kurasiewicz<\/strong><\/span><br \/><span style=\"color: #808080;\"><strong>tel. 536 558 535<br \/><\/strong>Wiceprzewodnicz\u0105cy: <strong>B\u0142a\u017cej Dobrogoszcz<\/strong><br \/><strong>tel.<\/strong> <strong>512 282 957<\/strong><br \/><\/span><\/p>\n<div class=\"su-divider su-divider-style-default\" style=\"margin:15px 0;border-width:1px;border-color:#054c73\"><\/div>\n<p><span style=\"color: #ff0000;\"><strong>Biura Zarz\u0105du Regionu Podbeskidzie i Oddzia\u0142\u00f3w s\u0105 czynne od poniedzia\u0142ku do pi\u0105tku w godz. 8.00-16.00.<br \/><\/strong><\/span><br \/><\/div>\n<div class=\"clear\"><\/div><\/div><\/div>\n<p>&nbsp;<\/p>\n","protected":false},"excerpt":{"rendered":"<p>&nbsp;<\/p>\n","protected":false},"author":1,"featured_media":0,"parent":0,"menu_order":0,"comment_status":"open","ping_status":"closed","template":"templates\/100-width.php","meta":{"_links_to":"","_links_to_target":""},"yoast_head":"<!-- This site is optimized with the Yoast SEO plugin v20.6-RC4 - https:\/\/yoast.com\/wordpress\/plugins\/seo\/ -->\n<title>&#032;-&#032; KONTAKT<\/title>\n<meta name=\"robots\" content=\"index, follow, max-snippet:-1, max-image-preview:large, max-video-preview:-1\" \/>\n<link rel=\"canonical\" href=\"https:\/\/www.solidarnosc.org.pl\/bbial\/archiwumstrony\/kontakt-z-nami\/\" \/>\n<meta property=\"og:locale\" content=\"pl_PL\" \/>\n<meta property=\"og:type\" content=\"article\" \/>\n<meta property=\"og:title\" content=\"&#032;-&#032; KONTAKT\" \/>\n<meta property=\"og:description\" content=\"&nbsp;\" \/>\n<meta property=\"og:url\" content=\"https:\/\/www.solidarnosc.org.pl\/bbial\/archiwumstrony\/kontakt-z-nami\/\" \/>\n<meta property=\"og:site_name\" content=\"NSZZ SOLIDARNO\u015a\u0106\" \/>\n<meta property=\"article:publisher\" content=\"https:\/\/www.facebook.com\/RegionPodbeskidzieNSZZSolidarnosc\/?locale=pl_PL\" \/>\n<meta property=\"article:modified_time\" content=\"2024-01-19T12:43:01+00:00\" \/>\n<meta property=\"og:image\" content=\"https:\/\/www.solidarnosc.org.pl\/bbial\/archiwumstrony\/wp-content\/uploads\/2023\/10\/logo-nszz-s-podeskidzie.jpg\" \/>\n\t<meta property=\"og:image:width\" content=\"1626\" \/>\n\t<meta property=\"og:image:height\" content=\"1030\" \/>\n\t<meta property=\"og:image:type\" content=\"image\/jpeg\" \/>\n<meta name=\"twitter:card\" content=\"summary_large_image\" \/>\n<meta name=\"twitter:label1\" content=\"Szacowany czas czytania\" \/>\n\t<meta name=\"twitter:data1\" content=\"4 minuty\" \/>\n<script type=\"application\/ld+json\" class=\"yoast-schema-graph\">{\"@context\":\"https:\/\/schema.org\",\"@graph\":[{\"@type\":\"WebPage\",\"@id\":\"https:\/\/www.solidarnosc.org.pl\/bbial\/archiwumstrony\/kontakt-z-nami\/\",\"url\":\"https:\/\/www.solidarnosc.org.pl\/bbial\/archiwumstrony\/kontakt-z-nami\/\",\"name\":\"&#32;-&#32; KONTAKT\",\"isPartOf\":{\"@id\":\"https:\/\/www.solidarnosc.org.pl\/bbial\/archiwumstrony\/#website\"},\"datePublished\":\"2014-06-09T10:45:41+00:00\",\"dateModified\":\"2024-01-19T12:43:01+00:00\",\"breadcrumb\":{\"@id\":\"https:\/\/www.solidarnosc.org.pl\/bbial\/archiwumstrony\/kontakt-z-nami\/#breadcrumb\"},\"inLanguage\":\"pl-PL\",\"potentialAction\":[{\"@type\":\"ReadAction\",\"target\":[\"https:\/\/www.solidarnosc.org.pl\/bbial\/archiwumstrony\/kontakt-z-nami\/\"]}]},{\"@type\":\"BreadcrumbList\",\"@id\":\"https:\/\/www.solidarnosc.org.pl\/bbial\/archiwumstrony\/kontakt-z-nami\/#breadcrumb\",\"itemListElement\":[{\"@type\":\"ListItem\",\"position\":1,\"name\":\"Strona g\u0142\u00f3wna\",\"item\":\"https:\/\/www.solidarnosc.org.pl\/bbial\/archiwumstrony\/\"},{\"@type\":\"ListItem\",\"position\":2,\"name\":\"KONTAKT\"}]},{\"@type\":\"WebSite\",\"@id\":\"https:\/\/www.solidarnosc.org.pl\/bbial\/archiwumstrony\/#website\",\"url\":\"https:\/\/www.solidarnosc.org.pl\/bbial\/archiwumstrony\/\",\"name\":\"NSZZ SOLIDARNO\u015a\u0106\",\"description\":\"Region Podbeskidzie\",\"publisher\":{\"@id\":\"https:\/\/www.solidarnosc.org.pl\/bbial\/archiwumstrony\/#organization\"},\"potentialAction\":[{\"@type\":\"SearchAction\",\"target\":{\"@type\":\"EntryPoint\",\"urlTemplate\":\"https:\/\/www.solidarnosc.org.pl\/bbial\/archiwumstrony\/?s={search_term_string}\"},\"query-input\":\"required name=search_term_string\"}],\"inLanguage\":\"pl-PL\"},{\"@type\":\"Organization\",\"@id\":\"https:\/\/www.solidarnosc.org.pl\/bbial\/archiwumstrony\/#organization\",\"name\":\"NSZZ SOLIDARNO\u015a\u0106\",\"url\":\"https:\/\/www.solidarnosc.org.pl\/bbial\/archiwumstrony\/\",\"logo\":{\"@type\":\"ImageObject\",\"inLanguage\":\"pl-PL\",\"@id\":\"https:\/\/www.solidarnosc.org.pl\/bbial\/archiwumstrony\/#\/schema\/logo\/image\/\",\"url\":\"https:\/\/www.solidarnosc.org.pl\/bbial\/archiwumstrony\/wp-content\/uploads\/2023\/10\/logo-nszz-s-podeskidzie.jpg\",\"contentUrl\":\"https:\/\/www.solidarnosc.org.pl\/bbial\/archiwumstrony\/wp-content\/uploads\/2023\/10\/logo-nszz-s-podeskidzie.jpg\",\"width\":1626,\"height\":1030,\"caption\":\"NSZZ SOLIDARNO\u015a\u0106\"},\"image\":{\"@id\":\"https:\/\/www.solidarnosc.org.pl\/bbial\/archiwumstrony\/#\/schema\/logo\/image\/\"},\"sameAs\":[\"https:\/\/www.facebook.com\/RegionPodbeskidzieNSZZSolidarnosc\/?locale=pl_PL\"]}]}<\/script>\n<!-- \/ Yoast SEO plugin. -->","yoast_head_json":{"title":"&#32;-&#32; KONTAKT","robots":{"index":"index","follow":"follow","max-snippet":"max-snippet:-1","max-image-preview":"max-image-preview:large","max-video-preview":"max-video-preview:-1"},"canonical":"https:\/\/www.solidarnosc.org.pl\/bbial\/archiwumstrony\/kontakt-z-nami\/","og_locale":"pl_PL","og_type":"article","og_title":"&#32;-&#32; KONTAKT","og_description":"&nbsp;","og_url":"https:\/\/www.solidarnosc.org.pl\/bbial\/archiwumstrony\/kontakt-z-nami\/","og_site_name":"NSZZ SOLIDARNO\u015a\u0106","article_publisher":"https:\/\/www.facebook.com\/RegionPodbeskidzieNSZZSolidarnosc\/?locale=pl_PL","article_modified_time":"2024-01-19T12:43:01+00:00","og_image":[{"width":1626,"height":1030,"url":"https:\/\/www.solidarnosc.org.pl\/bbial\/archiwumstrony\/wp-content\/uploads\/2023\/10\/logo-nszz-s-podeskidzie.jpg","type":"image\/jpeg"}],"twitter_card":"summary_large_image","twitter_misc":{"Szacowany czas czytania":"4 minuty"},"schema":{"@context":"https:\/\/schema.org","@graph":[{"@type":"WebPage","@id":"https:\/\/www.solidarnosc.org.pl\/bbial\/archiwumstrony\/kontakt-z-nami\/","url":"https:\/\/www.solidarnosc.org.pl\/bbial\/archiwumstrony\/kontakt-z-nami\/","name":"&#32;-&#32; KONTAKT","isPartOf":{"@id":"https:\/\/www.solidarnosc.org.pl\/bbial\/archiwumstrony\/#website"},"datePublished":"2014-06-09T10:45:41+00:00","dateModified":"2024-01-19T12:43:01+00:00","breadcrumb":{"@id":"https:\/\/www.solidarnosc.org.pl\/bbial\/archiwumstrony\/kontakt-z-nami\/#breadcrumb"},"inLanguage":"pl-PL","potentialAction":[{"@type":"ReadAction","target":["https:\/\/www.solidarnosc.org.pl\/bbial\/archiwumstrony\/kontakt-z-nami\/"]}]},{"@type":"BreadcrumbList","@id":"https:\/\/www.solidarnosc.org.pl\/bbial\/archiwumstrony\/kontakt-z-nami\/#breadcrumb","itemListElement":[{"@type":"ListItem","position":1,"name":"Strona g\u0142\u00f3wna","item":"https:\/\/www.solidarnosc.org.pl\/bbial\/archiwumstrony\/"},{"@type":"ListItem","position":2,"name":"KONTAKT"}]},{"@type":"WebSite","@id":"https:\/\/www.solidarnosc.org.pl\/bbial\/archiwumstrony\/#website","url":"https:\/\/www.solidarnosc.org.pl\/bbial\/archiwumstrony\/","name":"NSZZ SOLIDARNO\u015a\u0106","description":"Region Podbeskidzie","publisher":{"@id":"https:\/\/www.solidarnosc.org.pl\/bbial\/archiwumstrony\/#organization"},"potentialAction":[{"@type":"SearchAction","target":{"@type":"EntryPoint","urlTemplate":"https:\/\/www.solidarnosc.org.pl\/bbial\/archiwumstrony\/?s={search_term_string}"},"query-input":"required name=search_term_string"}],"inLanguage":"pl-PL"},{"@type":"Organization","@id":"https:\/\/www.solidarnosc.org.pl\/bbial\/archiwumstrony\/#organization","name":"NSZZ SOLIDARNO\u015a\u0106","url":"https:\/\/www.solidarnosc.org.pl\/bbial\/archiwumstrony\/","logo":{"@type":"ImageObject","inLanguage":"pl-PL","@id":"https:\/\/www.solidarnosc.org.pl\/bbial\/archiwumstrony\/#\/schema\/logo\/image\/","url":"https:\/\/www.solidarnosc.org.pl\/bbial\/archiwumstrony\/wp-content\/uploads\/2023\/10\/logo-nszz-s-podeskidzie.jpg","contentUrl":"https:\/\/www.solidarnosc.org.pl\/bbial\/archiwumstrony\/wp-content\/uploads\/2023\/10\/logo-nszz-s-podeskidzie.jpg","width":1626,"height":1030,"caption":"NSZZ SOLIDARNO\u015a\u0106"},"image":{"@id":"https:\/\/www.solidarnosc.org.pl\/bbial\/archiwumstrony\/#\/schema\/logo\/image\/"},"sameAs":["https:\/\/www.facebook.com\/RegionPodbeskidzieNSZZSolidarnosc\/?locale=pl_PL"]}]}},"_links":{"self":[{"href":"https:\/\/www.solidarnosc.org.pl\/bbial\/archiwumstrony\/wp-json\/wp\/v2\/pages\/54"}],"collection":[{"href":"https:\/\/www.solidarnosc.org.pl\/bbial\/archiwumstrony\/wp-json\/wp\/v2\/pages"}],"about":[{"href":"https:\/\/www.solidarnosc.org.pl\/bbial\/archiwumstrony\/wp-json\/wp\/v2\/types\/page"}],"author":[{"embeddable":true,"href":"https:\/\/www.solidarnosc.org.pl\/bbial\/archiwumstrony\/wp-json\/wp\/v2\/users\/1"}],"replies":[{"embeddable":true,"href":"https:\/\/www.solidarnosc.org.pl\/bbial\/archiwumstrony\/wp-json\/wp\/v2\/comments?post=54"}],"version-history":[{"count":89,"href":"https:\/\/www.solidarnosc.org.pl\/bbial\/archiwumstrony\/wp-json\/wp\/v2\/pages\/54\/revisions"}],"predecessor-version":[{"id":33935,"href":"https:\/\/www.solidarnosc.org.pl\/bbial\/archiwumstrony\/wp-json\/wp\/v2\/pages\/54\/revisions\/33935"}],"wp:attachment":[{"href":"https:\/\/www.solidarnosc.org.pl\/bbial\/archiwumstrony\/wp-json\/wp\/v2\/media?parent=54"}],"curies":[{"name":"wp","href":"https:\/\/api.w.org\/{rel}","templated":true}]}}